INSERT INTO `jos_overrider` (`id`, `constant`, `string`, `file`) VALUES
(6609, 'COM_KUNENA_SELECT_BATCH_OPTION', '- Select batch action -', 'C:\\wamp\\www\\framework\\components\\com_kunena\\language\\en-GB\\en-GB.com_kunena.views.ini'),
(6610, 'COM_KUNENA_UNLOCK', 'Unlock', 'C:\\wamp\\www\\framework\\components\\com_kunena\\language\\en-GB\\en-GB.com_kunena.views.ini'),
(6611, 'COM_KUNENA_UNPUBLISH', 'Unpublish', 'C:\\wamp\\www\\framework\\components\\com_kunena\\language\\en-GB\\en-GB.com_kunena.views.ini'),
(6612, 'COM_KUNENA_VIEW_CATEGORIES_DEFAULT', 'Category Index', 'C:\\wamp\\www\\framework\\components\\com_kunena\\language\\en-GB\\en-GB.com_kunena.views.ini'),
(6613, 'COM_KUNENA_VIEW_CATEGORIES_INFO_EMPTY', 'There are no published categories in %s.', 'C:\\wamp\\www\\framework\\components\\com_kunena\\language\\en-GB\\en-GB.com_kunena.views.ini'),
(6614, 'COM_KUNENA_VIEW_CATEGORIES_USER', 'Subscribed Categories', 'C:\\wamp\\www\\framework\\components\\com_kunena\\language\\en-GB\\en-GB.com_kunena.views.ini'),
(6615, 'COM_KUNENA_VIEW_CATEGORY_DEFAULT', 'Topics in %s', 'C:\\wamp\\www\\framework\\components\\com_kunena\\language\\en-GB\\en-GB.com_kunena.views.ini'),
(6616, 'COM_KUNENA_FORUM_TOP', 'Board Categories', 'C:\\wamp\\www\\framework\\components\\com_kunena\\language\\en-GB\\en-GB.com_kunena.views.ini'),
(6617, 'COM_KUNENA_LISTCAT_RSS', 'get the latest posts directly to your desktop', 'C:\\wamp\\www\\framework\\components\\com_kunena\\language\\en-GB\\en-GB.com_kunena.views.ini'),
(6618, 'COM_KUNENA_MENU_TOPIC_CREATE', 'Create Topic', 'C:\\wamp\\www\\framework\\components\\com_kunena\\language\\en-GB\\en-GB.com_kunena.views.ini'),
(6619, 'COM_KUNENA_MENU_TOPIC_EDIT', 'Edit Topic', 'C:\\wamp\\www\\framework\\components\\com_kunena\\language\\en-GB\\en-GB.com_kunena.views.ini'),
(6620, 'COM_KUNENA_MENU_TOPIC_REPLY', 'Reply Topic', 'C:\\wamp\\www\\framework\\components\\com_kunena\\language\\en-GB\\en-GB.com_kunena.views.ini'),
(6621, 'COM_KUNENA_PROFILE_EDIT', 'Edit Profile', 'C:\\wamp\\www\\framework\\components\\com_kunena\\language\\en-GB\\en-GB.com_kunena.views.ini'),
(6622, 'COM_KUNENA_WHO_AND', 'and', 'C:\\wamp\\www\\framework\\components\\com_kunena\\language\\en-GB\\en-GB.com_kunena.views.ini'),
(6623, 'COM_KUNENA_WHO_ONLINE_GUEST', 'Guest', 'C:\\wamp\\www\\framework\\components\\com_kunena\\language\\en-GB\\en-GB.com_kunena.views.ini'),
(6624, 'COM_KUNENA_WHO_ONLINE_GUESTS', 'Guests', 'C:\\wamp\\www\\framework\\components\\com_kunena\\language\\en-GB\\en-GB.com_kunena.views.ini'),
(6625, 'COM_KUNENA_WHO_ONLINE_MEMBER', 'Member', 'C:\\wamp\\www\\framework\\components\\com_kunena\\language\\en-GB\\en-GB.com_kunena.views.ini'),
(6626, 'COM_KUNENA_WHO_ONLINE_MEMBERS', 'Members', 'C:\\wamp\\www\\framework\\components\\com_kunena\\language\\en-GB\\en-GB.com_kunena.views.ini'),
(6627, 'COM_KUNENA_WHO_ONLINE_NOW', 'Online', 'C:\\wamp\\www\\framework\\components\\com_kunena\\language\\en-GB\\en-GB.com_kunena.views.ini'),
(6628, 'COM_KUNENA_CREDITS_PAGE_TITLE', 'Team credits', 'C:\\wamp\\www\\framework\\components\\com_kunena\\language\\en-GB\\en-GB.com_kunena.views.ini'),
(6629, 'COM_KUNENA_CREDITS_INTRO', 'Kunena® Forum is an open source project that requires the dedication and investment of personal time from various contributors. This version has been made possible by the following <a target="_blank" href="%s">contributors</a> :', 'C:\\wamp\\www\\framework\\components\\com_kunena\\language\\en-GB\\en-GB.com_kunena.views.ini'),
(6630, 'COM_KUNENA_CREDITS_CONTRIBUTION', 'Contribution', 'C:\\wamp\\www\\framework\\components\\com_kunena\\language\\en-GB\\en-GB.com_kunena.views.ini'),
(6631, 'COM_KUNENA_CREDITS_DEVELOPEMENT', 'Developement', 'C:\\wamp\\www\\framework\\components\\com_kunena\\language\\en-GB\\en-GB.com_kunena.views.ini'),
(6632, 'COM_KUNENA_CREDITS_DOCUMENTATION', 'Documentation', 'C:\\wamp\\www\\framework\\components\\com_kunena\\language\\en-GB\\en-GB.com_kunena.views.ini'),
(6633, 'COM_KUNENA_CREDITS_DESIGN', 'Design', 'C:\\wamp\\www\\framework\\components\\com_kunena\\language\\en-GB\\en-GB.com_kunena.views.ini'),
(6634, 'COM_KUNENA_CREDITS_LANGUAGES', 'Languages', 'C:\\wamp\\www\\framework\\components\\com_kunena\\language\\en-GB\\en-GB.com_kunena.views.ini'),
(6635, 'COM_KUNENA_CREDITS_MODERATION', 'Forum Moderation', 'C:\\wamp\\www\\framework\\components\\com_kunena\\language\\en-GB\\en-GB.com_kunena.views.ini'),
(6636, 'COM_KUNENA_CREDITS_SECURITY', 'Security', 'C:\\wamp\\www\\framework\\components\\com_kunena\\language\\en-GB\\en-GB.com_kunena.views.ini'),
(6637, 'COM_KUNENA_CREDITS_TESTING', 'Testing', 'C:\\wamp\\www\\framework\\components\\com_kunena\\language\\en-GB\\en-GB.com_kunena.views.ini'),
(6638, 'COM_KUNENA_CREDITS_FOUNDER', 'Founder', 'C:\\wamp\\www\\framework\\components\\com_kunena\\language\\en-GB\\en-GB.com_kunena.views.ini'),
(6639, 'COM_KUNENA_CREDITS_X_AND_Y', '%s and %s', 'C:\\wamp\\www\\framework\\components\\com_kunena\\language\\en-GB\\en-GB.com_kunena.views.ini'),
(6640, 'COM_KUNENA_CREDITS_THANKS', 'The Kunena Team would like to thank the <a target="_blank" href="%s">community</a> for its help and support. We also appreciate the hard work of everyone who have <a target="_blank" href="%s">translated</a> Kunena into many other languages. In addition we would like to thank many members of <a target="_blank" href="%s">www.kunena.org</a>, past and present, who have <a target="_blank" href="%s">contributed</a> and helped make this a more stable and bugfree version.', 'C:\\wamp\\www\\framework\\components\\com_kunena\\language\\en-GB\\en-GB.com_kunena.views.ini'),
(6641, 'COM_KUNENA_CREDITS_GO_BACK', 'To return to the forum', 'C:\\wamp\\www\\framework\\components\\com_kunena\\language\\en-GB\\en-GB.com_kunena.views.ini'),
(6642, 'COM_KUNENA_VIEW_CREDITS_DEFAULT', 'Kunena Team Credits', 'C:\\wamp\\www\\framework\\components\\com_kunena\\language\\en-GB\\en-GB.com_kunena.views.ini'),
(6643, 'COM_KUNENA_SEARCH_DATE_2WEEKS', '2 weeks ago', 'C:\\wamp\\www\\framework\\components\\com_kunena\\language\\en-GB\\en-GB.com_kunena.views.ini'),
(6644, 'COM_KUNENA_SEARCH_DATE_3MONTHS', '3 months ago', 'C:\\wamp\\www\\framework\\components\\com_kunena\\language\\en-GB\\en-GB.com_kunena.views.ini'),
(6645, 'COM_KUNENA_SEARCH_DATE_6MONTHS', '6 months ago', 'C:\\wamp\\www\\framework\\components\\com_kunena\\language\\en-GB\\en-GB.com_kunena.views.ini'),
(6646, 'COM_KUNENA_SEARCH_DATE_ANY', 'Any date', 'C:\\wamp\\www\\framework\\components\\com_kunena\\language\\en-GB\\en-GB.com_kunena.views.ini'),
(6647, 'COM_KUNENA_SEARCH_DATE_LASTVISIT', 'Last visit', 'C:\\wamp\\www\\framework\\components\\com_kunena\\language\\en-GB\\en-GB.com_kunena.views.ini'),
(6648, 'COM_KUNENA_SEARCH_DATE_MONTH', 'A month ago', 'C:\\wamp\\www\\framework\\components\\com_kunena\\language\\en-GB\\en-GB.com_kunena.views.ini'),
(6649, 'COM_KUNENA_SEARCH_DATE_NEWER', 'And newer', 'C:\\wamp\\www\\framework\\components\\com_kunena\\language\\en-GB\\en-GB.com_kunena.views.ini'),
(6650, 'COM_KUNENA_SEARCH_DATE_OLDER', 'And older', 'C:\\wamp\\www\\framework\\components\\com_kunena\\language\\en-GB\\en-GB.com_kunena.views.ini'),
(6651, 'COM_KUNENA_SEARCH_DATE_WEEK', 'A week ago', 'C:\\wamp\\www\\framework\\components\\com_kunena\\language\\en-GB\\en-GB.com_kunena.views.ini'),
(6652, 'COM_KUNENA_SEARCH_DATE_YEAR', 'A year ago', 'C:\\wamp\\www\\framework\\components\\com_kunena\\language\\en-GB\\en-GB.com_kunena.views.ini'),
(6653, 'COM_KUNENA_SEARCH_DATE_YESTERDAY', 'Yesterday', 'C:\\wamp\\www\\framework\\components\\com_kunena\\language\\en-GB\\en-GB.com_kunena.views.ini'),
(6654, 'COM_KUNENA_SEARCH_LIMIT10', 'Show 10 Search Results', 'C:\\wamp\\www\\framework\\components\\com_kunena\\language\\en-GB\\en-GB.com_kunena.views.ini'),
(6655, 'COM_KUNENA_SEARCH_LIMIT15', 'Show 15 Search Results', 'C:\\wamp\\www\\framework\\components\\com_kunena\\language\\en-GB\\en-GB.com_kunena.views.ini'),
(6656, 'COM_KUNENA_SEARCH_LIMIT20', 'Show 20 Search Results', 'C:\\wamp\\www\\framework\\components\\com_kunena\\language\\en-GB\\en-GB.com_kunena.views.ini'),
(6657, 'COM_KUNENA_SEARCH_LIMIT5', 'Show 5 Search Results', 'C:\\wamp\\www\\framework\\components\\com_kunena\\language\\en-GB\\en-GB.com_kunena.views.ini'),
(6658, 'COM_KUNENA_SEARCH_SEARCHIN_ALLCATS', 'All Categories', 'C:\\wamp\\www\\framework\\components\\com_kunena\\language\\en-GB\\en-GB.com_kunena.views.ini'),
(6659, 'COM_KUNENA_SEARCH_SEARCH_POSTS', 'Search entire posts', 'C:\\wamp\\www\\framework\\components\\com_kunena\\language\\en-GB\\en-GB.com_kunena.views.ini'),
(6660, 'COM_KUNENA_SEARCH_SEARCH_TITLES', 'Search titles only', 'C:\\wamp\\www\\framework\\components\\com_kunena\\language\\en-GB\\en-GB.com_kunena.views.ini'),
(6661, 'COM_KUNENA_SEARCH_SORTBY_DEC', 'Decreasing order', 'C:\\wamp\\www\\framework\\components\\com_kunena\\language\\en-GB\\en-GB.com_kunena.views.ini'),
(6662, 'COM_KUNENA_SEARCH_SORTBY_INC', 'Increasing order', 'C:\\wamp\\www\\framework\\components\\com_kunena\\language\\en-GB\\en-GB.com_kunena.views.ini'),
(6663, 'COM_KUNENA_SEARCH_SORTBY_POST', 'Posting date', 'C:\\wamp\\www\\framework\\components\\com_kunena\\language\\en-GB\\en-GB.com_kunena.views.ini'),
(6664, 'COM_KUNENA_SEARCH_SORTBY_POSTS', 'Number of posts', 'C:\\wamp\\www\\framework\\components\\com_kunena\\language\\en-GB\\en-GB.com_kunena.views.ini'),
(6665, 'COM_KUNENA_SEARCH_SORTBY_START', 'Topic start date', 'C:\\wamp\\www\\framework\\components\\com_kunena\\language\\en-GB\\en-GB.com_kunena.views.ini'),
(6666, 'COM_KUNENA_SEARCH_SORTBY_TITLE', 'Title', 'C:\\wamp\\www\\framework\\components\\com_kunena\\language\\en-GB\\en-GB.com_kunena.views.ini'),
(6667, 'COM_KUNENA_SEARCH_SORTBY_USER', 'User name', 'C:\\wamp\\www\\framework\\components\\com_kunena\\language\\en-GB\\en-GB.com_kunena.views.ini'),
(6668, 'COM_KUNENA_ALL_DISCUSSIONS', 'Recent Topics', 'C:\\wamp\\www\\framework\\components\\com_kunena\\language\\en-GB\\en-GB.com_kunena.views.ini'),
(6669, 'COM_KUNENA_ATTACHMENTS_ERROR_NO_MESSAGE', 'ERROR: no message provided (attachments)', 'C:\\wamp\\www\\framework\\components\\com_kunena\\language\\en-GB\\en-GB.com_kunena.views.ini'),
(6670, 'COM_KUNENA_BUTTON_THANKYOU_REMOVE_LONG', 'Remove this Thank You', 'C:\\wamp\\www\\framework\\components\\com_kunena\\language\\en-GB\\en-GB.com_kunena.views.ini'),
(6671, 'COM_KUNENA_MENU_LATEST_DESC', 'Recent Topics', 'C:\\wamp\\www\\framework\\components\\com_kunena\\language\\en-GB\\en-GB.com_kunena.views.ini'),
(6672, 'COM_KUNENA_MODERATION_CREATE_TOPIC', 'Create New Topic', 'C:\\wamp\\www\\framework\\components\\com_kunena\\language\\en-GB\\en-GB.com_kunena.views.ini'),
(6673, 'COM_KUNENA_MODERATION_ENTER_TOPIC', 'Manually Enter Topic ID', 'C:\\wamp\\www\\framework\\components\\com_kunena\\language\\en-GB\\en-GB.com_kunena.views.ini'),
(6674, 'COM_KUNENA_MODERATION_MOVE_TOPIC', 'Move Topic Into Another Category', 'C:\\wamp\\www\\framework\\components\\com_kunena\\language\\en-GB\\en-GB.com_kunena.views.ini'),
(6675, 'COM_KUNENA_POST_EDIT', 'Edit Post:', 'C:\\wamp\\www\\framework\\components\\com_kunena\\language\\en-GB\\en-GB.com_kunena.views.ini'),
(6676, 'COM_KUNENA_POST_NEW_TOPIC', 'New Topic', 'C:\\wamp\\www\\framework\\components\\com_kunena\\language\\en-GB\\en-GB.com_kunena.views.ini'),
(6677, 'COM_KUNENA_POST_NEW_TOPIC_NO_PERMISSIONS', 'You do not have permissions to start a new topic! %s', 'C:\\wamp\\www\\framework\\components\\com_kunena\\language\\en-GB\\en-GB.com_kunena.views.ini'),
(6678, 'COM_KUNENA_POST_REPLY_TOPIC', 'Reply Topic:', 'C:\\wamp\\www\\framework\\components\\com_kunena\\language\\en-GB\\en-GB.com_kunena.views.ini'),
(6679, 'COM_KUNENA_REPLY_USER_REPLY_DISABLED', 'You cannot reply to this topic.', 'C:\\wamp\\www\\framework\\components\\com_kunena\\language\\en-GB\\en-GB.com_kunena.views.ini'),
(6680, 'COM_KUNENA_SELECT_CATEGORY', '- Select Category -', 'C:\\wamp\\www\\framework\\components\\com_kunena\\language\\en-GB\\en-GB.com_kunena.views.ini'),
(6681, 'COM_KUNENA_VIEW_DISABLED', 'The administrator has disabled public write access.', 'C:\\wamp\\www\\framework\\components\\com_kunena\\language\\en-GB\\en-GB.com_kunena.views.ini'),
(6682, 'COM_KUNENA_VIEW_TOPICS_DEFAULT', 'Topic: %s', 'C:\\wamp\\www\\framework\\components\\com_kunena\\language\\en-GB\\en-GB.com_kunena.views.ini'),
(6683, 'COM_KUNENA_VIEW_TOPIC_ERROR_LOOP', 'Internal Error: Loop detected in moved topics!', 'C:\\wamp\\www\\framework\\components\\com_kunena\\language\\en-GB\\en-GB.com_kunena.views.ini'),
(6684, 'COM_KUNENA_SHOW_ALL', 'All', 'C:\\wamp\\www\\framework\\components\\com_kunena\\language\\en-GB\\en-GB.com_kunena.views.ini'),
(6685, 'COM_KUNENA_VIEW_TOPICS_DEFAULT_MODE_DEFAULT', 'Recent Discussions', 'C:\\wamp\\www\\framework\\components\\com_kunena\\language\\en-GB\\en-GB.com_kunena.views.ini'),
(6686, 'COM_KUNENA_VIEW_TOPICS_DEFAULT_MODE_DELETED', 'Deleted Topics', 'C:\\wamp\\www\\framework\\components\\com_kunena\\language\\en-GB\\en-GB.com_kunena.views.ini'),
(6687, 'COM_KUNENA_VIEW_TOPICS_DEFAULT_MODE_LOCKED', 'Locked Topics', 'C:\\wamp\\www\\framework\\components\\com_kunena\\language\\en-GB\\en-GB.com_kunena.views.ini'),
(6688, 'COM_KUNENA_VIEW_TOPICS_DEFAULT_MODE_NOREPLIES', 'No Replies', 'C:\\wamp\\www\\framework\\components\\com_kunena\\language\\en-GB\\en-GB.com_kunena.views.ini'),
(6689, 'COM_KUNENA_VIEW_TOPICS_DEFAULT_MODE_STICKY', 'Sticky Topics', 'C:\\wamp\\www\\framework\\components\\com_kunena\\language\\en-GB\\en-GB.com_kunena.views.ini'),
(6690, 'COM_KUNENA_VIEW_TOPICS_DEFAULT_MODE_TOPICS', 'Recent Topics', 'C:\\wamp\\www\\framework\\components\\com_kunena\\language\\en-GB\\en-GB.com_kunena.views.ini'),
(6691, 'COM_KUNENA_VIEW_TOPICS_DEFAULT_MODE_UNAPPROVED', 'Unapproved Topics', 'C:\\wamp\\www\\framework\\components\\com_kunena\\language\\en-GB\\en-GB.com_kunena.views.ini'),
(6692, 'COM_KUNENA_VIEW_TOPICS_POSTS_MODE_DEFAULT', 'Recent Posts', 'C:\\wamp\\www\\framework\\components\\com_kunena\\language\\en-GB\\en-GB.com_kunena.views.ini'),
(6693, 'COM_KUNENA_VIEW_TOPICS_POSTS_MODE_DELETED', 'Deleted Posts', 'C:\\wamp\\www\\framework\\components\\com_kunena\\language\\en-GB\\en-GB.com_kunena.views.ini'),
(6694, 'COM_KUNENA_VIEW_TOPICS_POSTS_MODE_MYTHANKS', 'Given Thank You', 'C:\\wamp\\www\\framework\\components\\com_kunena\\language\\en-GB\\en-GB.com_kunena.views.ini'),
(6695, 'COM_KUNENA_VIEW_TOPICS_POSTS_MODE_THANKYOU', 'Received Thank You', 'C:\\wamp\\www\\framework\\components\\com_kunena\\language\\en-GB\\en-GB.com_kunena.views.ini'),
(6696, 'COM_KUNENA_VIEW_TOPICS_POSTS_MODE_UNAPPROVED', 'Unapproved Posts', 'C:\\wamp\\www\\framework\\components\\com_kunena\\language\\en-GB\\en-GB.com_kunena.views.ini'),
(6697, 'COM_KUNENA_VIEW_TOPICS_USERS_MODE_DEFAULT', 'My Topics', 'C:\\wamp\\www\\framework\\components\\com_kunena\\language\\en-GB\\en-GB.com_kunena.views.ini'),
(6698, 'COM_KUNENA_VIEW_TOPICS_USERS_MODE_FAVORITES', 'Favorite Topics', 'C:\\wamp\\www\\framework\\components\\com_kunena\\language\\en-GB\\en-GB.com_kunena.views.ini'),
(6699, 'COM_KUNENA_VIEW_TOPICS_USERS_MODE_POSTED', 'Topics Participated', 'C:\\wamp\\www\\framework\\components\\com_kunena\\language\\en-GB\\en-GB.com_kunena.views.ini'),
(6700, 'COM_KUNENA_VIEW_TOPICS_USERS_MODE_STARTED', 'Topics Started', 'C:\\wamp\\www\\framework\\components\\com_kunena\\language\\en-GB\\en-GB.com_kunena.views.ini'),
(6701, 'COM_KUNENA_VIEW_TOPICS_USERS_MODE_SUBSCRIPTIONS', 'Topic Subscriptions', 'C:\\wamp\\www\\framework\\components\\com_kunena\\language\\en-GB\\en-GB.com_kunena.views.ini'),
(6702, 'COM_KUNENA_DEFAULT_GALLERY', 'Default Gallery', 'C:\\wamp\\www\\framework\\components\\com_kunena\\language\\en-GB\\en-GB.com_kunena.views.ini'),
(6703, 'COM_KUNENA_LOCATION_UNKNOWN', 'Unknown', 'C:\\wamp\\www\\framework\\components\\com_kunena\\language\\en-GB\\en-GB.com_kunena.views.ini'),
(6704, 'COM_KUNENA_PROFILEPAGE_NOT_ALLOWED_FOR_GUESTS', 'The profile page is not available for guests', 'C:\\wamp\\www\\framework\\components\\com_kunena\\language\\en-GB\\en-GB.com_kunena.views.ini'),
(6705, 'COM_KUNENA_PROFILE_DISABLED', 'The profile page has been disabled', 'C:\\wamp\\www\\framework\\components\\com_kunena\\language\\en-GB\\en-GB.com_kunena.views.ini'),
(6706, 'COM_KUNENA_USER_HIDEEMAIL', 'Hide E-mail', 'C:\\wamp\\www\\framework\\components\\com_kunena\\language\\en-GB\\en-GB.com_kunena.views.ini'),
(6707, 'COM_KUNENA_USER_ORDER', 'Preferred Message Ordering', 'C:\\wamp\\www\\framework\\components\\com_kunena\\language\\en-GB\\en-GB.com_kunena.views.ini'),
(6708, 'COM_KUNENA_USER_ORDER_KUNENA_GLOBAL', 'Default', 'C:\\wamp\\www\\framework\\components\\com_kunena\\language\\en-GB\\en-GB.com_kunena.views.ini'),
(6709, 'COM_KUNENA_USER_SHOWONLINE', 'Show Online', 'C:\\wamp\\www\\framework\\components\\com_kunena\\language\\en-GB\\en-GB.com_kunena.views.ini'),
(6710, 'COM_KUNENA_VIEW_USER_DEFAULT', 'Profile for %s', 'C:\\wamp\\www\\framework\\components\\com_kunena\\language\\en-GB\\en-GB.com_kunena.views.ini'),
(6711, 'COM_KUNENA_VIEW_USER_EDIT_AUTH_FAILED', 'You are not allowed to edit user %s.', 'C:\\wamp\\www\\framework\\components\\com_kunena\\language\\en-GB\\en-GB.com_kunena.views.ini'),
(6712, 'COM_KUNENA_VIEW_USER_LIST', 'User List', 'C:\\wamp\\www\\framework\\components\\com_kunena\\language\\en-GB\\en-GB.com_kunena.views.ini'),
(6713, 'COM_KUNENA_FAVORITE', 'Favorite', 'C:\\wamp\\www\\framework\\components\\com_kunena\\language\\en-GB\\en-GB.kunena_tmpl_crypsis.ini'),
(6714, 'COM_KUNENA_MYPOSTS', 'Contains my posts', 'C:\\wamp\\www\\framework\\components\\com_kunena\\language\\en-GB\\en-GB.kunena_tmpl_crypsis.ini'),
(6715, 'COM_KUNENA_TOPIC_STARTED_ON', 'Topic started', 'C:\\wamp\\www\\framework\\components\\com_kunena\\language\\en-GB\\en-GB.kunena_tmpl_crypsis.ini'),
(6716, 'COM_KUNENA_VIEW_NO_POSTS', 'There are no posts in this category.', 'C:\\wamp\\www\\framework\\components\\com_kunena\\language\\en-GB\\en-GB.kunena_tmpl_crypsis.ini'),
(6717, 'COM_KUNENA_VIEW_NO_TOPICS', 'There are no topics to display.', 'C:\\wamp\\www\\framework\\components\\com_kunena\\language\\en-GB\\en-GB.kunena_tmpl_crypsis.ini'),
(6718, 'COM_KUNENA_FORUM_HEADER', 'Category Header', 'C:\\wamp\\www\\framework\\components\\com_kunena\\language\\en-GB\\en-GB.kunena_tmpl_crypsis.ini'),
(6719, 'COM_KUNENA_GEN_GOTOBOTTOM', 'Go to bottom', 'C:\\wamp\\www\\framework\\components\\com_kunena\\language\\en-GB\\en-GB.kunena_tmpl_crypsis.ini'),
(6720, 'COM_KUNENA_GEN_MARK_ALL_FORUMS_READ', 'Mark all topics read', 'C:\\wamp\\www\\framework\\components\\com_kunena\\language\\en-GB\\en-GB.kunena_tmpl_crypsis.ini'),
(6721, 'COM_KUNENA_GEN_NOFORUMS', 'There are no categories in the section!', 'C:\\wamp\\www\\framework\\components\\com_kunena\\language\\en-GB\\en-GB.kunena_tmpl_crypsis.ini'),
(6722, 'COM_KUNENA_LOCKED_CATEGORY', 'Category is locked', 'C:\\wamp\\www\\framework\\components\\com_kunena\\language\\en-GB\\en-GB.kunena_tmpl_crypsis.ini'),
(6723, 'COM_KUNENA_SHOWCAT_PENDING', 'pending message(s)', 'C:\\wamp\\www\\framework\\components\\com_kunena\\language\\en-GB\\en-GB.kunena_tmpl_crypsis.ini'),
(6724, 'COM_KUNENA_NEW', 'New', 'C:\\wamp\\www\\framework\\components\\com_kunena\\language\\en-GB\\en-GB.kunena_tmpl_crypsis.ini'),
(6725, 'COM_KUNENA_PUBLICACCESS', 'Public Access', 'C:\\wamp\\www\\framework\\components\\com_kunena\\language\\en-GB\\en-GB.kunena_tmpl_crypsis.ini'),
(6726, 'COM_KUNENA_MY_POSTS', 'Posts', 'C:\\wamp\\www\\framework\\components\\com_kunena\\language\\en-GB\\en-GB.kunena_tmpl_crypsis.ini'),
(6727, 'COM_KUNENA_STAT_USERLIST', 'User List', 'C:\\wamp\\www\\framework\\components\\com_kunena\\language\\en-GB\\en-GB.kunena_tmpl_crypsis.ini'),
(6728, 'COM_KUNENA_FORUM_SEARCHRESULTS', 'Displaying %s out of %s results.', 'C:\\wamp\\www\\framework\\components\\com_kunena\\language\\en-GB\\en-GB.kunena_tmpl_crypsis.ini'),
(6729, 'COM_KUNENA_SEARCH_ANSWERS', 'Answers', 'C:\\wamp\\www\\framework\\components\\com_kunena\\language\\en-GB\\en-GB.kunena_tmpl_crypsis.ini'),
(6730, 'COM_KUNENA_SEARCH_FIND_WITH', 'Find topics with', 'C:\\wamp\\www\\framework\\components\\com_kunena\\language\\en-GB\\en-GB.kunena_tmpl_crypsis.ini'),
(6731, 'COM_KUNENA_SEARCH_LEAST', 'At least', 'C:\\wamp\\www\\framework\\components\\com_kunena\\language\\en-GB\\en-GB.kunena_tmpl_crypsis.ini'),
(6732, 'COM_KUNENA_SEARCH_MOST', 'At most', 'C:\\wamp\\www\\framework\\components\\com_kunena\\language\\en-GB\\en-GB.kunena_tmpl_crypsis.ini'),
(6733, 'COM_KUNENA_SEARCH_OPTIONS', 'Search Options', 'C:\\wamp\\www\\framework\\components\\com_kunena\\language\\en-GB\\en-GB.kunena_tmpl_crypsis.ini'),
(6734, 'COM_KUNENA_SEARCH_USER_ACTIVE', 'Activity in Topics', 'C:\\wamp\\www\\framework\\components\\com_kunena\\language\\en-GB\\en-GB.kunena_tmpl_crypsis.ini'),
(6735, 'COM_KUNENA_SEARCH_USER_POSTED', 'Messages posted by', 'C:\\wamp\\www\\framework\\components\\com_kunena\\language\\en-GB\\en-GB.kunena_tmpl_crypsis.ini'),
(6736, 'COM_KUNENA_SEARCH_USER_STARTED', 'Topics started by', 'C:\\wamp\\www\\framework\\components\\com_kunena\\language\\en-GB\\en-GB.kunena_tmpl_crypsis.ini'),
(6737, 'COM_KUNENA_STAT_GENERAL_STATS', 'General Statistics', 'C:\\wamp\\www\\framework\\components\\com_kunena\\language\\en-GB\\en-GB.kunena_tmpl_crypsis.ini'),
(6738, 'COM_KUNENA_GEN_GOTO', 'Goto', 'C:\\wamp\\www\\framework\\components\\com_kunena\\language\\en-GB\\en-GB.kunena_tmpl_crypsis.ini'),
(6739, 'COM_KUNENA_REPORT', 'Report to moderator', 'C:\\wamp\\www\\framework\\components\\com_kunena\\language\\en-GB\\en-GB.kunena_tmpl_crypsis.ini'),
(6740, 'COM_KUNENA_THANKYOU', 'The following user(s) said Thank You', 'C:\\wamp\\www\\framework\\components\\com_kunena\\language\\en-GB\\en-GB.kunena_tmpl_crypsis.ini'),
(6741, 'COM_KUNENA_TOPIC_VOTE_RESET', 'Reset votes', 'C:\\wamp\\www\\framework\\components\\com_kunena\\language\\en-GB\\en-GB.kunena_tmpl_crypsis.ini'),
(6742, 'COM_KUNENA_EDITOR_ADD_FILE', 'Add File', 'C:\\wamp\\www\\framework\\components\\com_kunena\\language\\en-GB\\en-GB.kunena_tmpl_crypsis.ini'),
(6743, 'COM_KUNENA_POST_TOPIC_HISTORY', 'Topic History of', 'C:\\wamp\\www\\framework\\components\\com_kunena\\language\\en-GB\\en-GB.kunena_tmpl_crypsis.ini'),
(6744, 'COM_KUNENA_POST_MODERATION_PROCEED', 'Proceed', 'C:\\wamp\\www\\framework\\components\\com_kunena\\language\\en-GB\\en-GB.kunena_tmpl_crypsis.ini'),
(6745, 'COM_KUNENA_TITLE_MODERATE_MESSAGE', 'Moderate Message', 'C:\\wamp\\www\\framework\\components\\com_kunena\\language\\en-GB\\en-GB.kunena_tmpl_crypsis.ini'),
(6746, 'COM_KUNENA_LOCKED_TOPIC', 'Topic is locked', 'C:\\wamp\\www\\framework\\components\\com_kunena\\language\\en-GB\\en-GB.kunena_tmpl_crypsis.ini'),
(6747, 'COM_KUNENA_FILETYPE', 'Type', 'C:\\wamp\\www\\framework\\components\\com_kunena\\language\\en-GB\\en-GB.kunena_tmpl_crypsis.ini'),
(6748, 'COM_KUNENA_BAN_STARTEXPIRETIME_DESC', 'YYYY-MM-DD - HH:MM:SS', 'C:\\wamp\\www\\framework\\components\\com_kunena\\language\\en-GB\\en-GB.kunena_tmpl_crypsis.ini'),
(6749, 'COM_KUNENA_PROFILE_AVATAR_UPLOAD', 'Upload New Avatar', 'C:\\wamp\\www\\framework\\components\\com_kunena\\language\\en-GB\\en-GB.kunena_tmpl_crypsis.ini'),
(6750, 'COM_KUNENA_USRL_REGISTERED_USERS', '%s has <strong>%d</strong> registered users', 'C:\\wamp\\www\\framework\\components\\com_kunena\\language\\en-GB\\en-GB.kunena_tmpl_crypsis.ini'),
(6751, 'COM_KUNENA_TEMPLATE_FORUM_HEADER_BACKGROUND', 'Forum Header Background', 'C:\\wamp\\www\\framework\\components\\com_kunena\\language\\en-GB\\en-GB.kunena_tmpl_crypsis.ini'),
(6752, 'COM_KUNENA_TEMPLATE_HOVER_TAB_COLOR', 'Hover Tab Color', 'C:\\wamp\\www\\framework\\components\\com_kunena\\language\\en-GB\\en-GB.kunena_tmpl_crypsis.ini'),
(6753, 'COM_KUNENA_TEMPLATE_HOVER_TAB_COLOR_DESC', 'Enter the color of the menu tab when hovered over.', 'C:\\wamp\\www\\framework\\components\\com_kunena\\language\\en-GB\\en-GB.kunena_tmpl_crypsis.ini'),
(6754, 'COM_KUNENA_TEMPLATE_SKINNER', 'Blend with Joomla Template', 'C:\\wamp\\www\\framework\\components\\com_kunena\\language\\en-GB\\en-GB.kunena_tmpl_crypsis.ini'),
(6755, 'COM_KUNENA_TEMPLATE_SKINNER_DESC', 'Automatically blend the default template with the colors or you Joomla template.', 'C:\\wamp\\www\\framework\\components\\com_kunena\\language\\en-GB\\en-GB.kunena_tmpl_crypsis.ini'),
(6756, 'COM_KUNENA_TEMPLATE_TOGGLER_COLOR', 'Toggler Color', 'C:\\wamp\\www\\framework\\components\\com_kunena\\language\\en-GB\\en-GB.kunena_tmpl_crypsis.ini'),
(6757, 'COM_KUNENA_TEMPLATE_TOGGLER_COLOR_DESC', 'Enter the color of the section toggler button.', 'C:\\wamp\\www\\framework\\components\\com_kunena\\language\\en-GB\\en-GB.kunena_tmpl_crypsis.ini'),
(6758, 'COM_KUNENA_GEN_GOTOTOP', 'Go to top', 'C:\\wamp\\www\\framework\\components\\com_kunena\\language\\en-GB\\en-GB.kunena_tmpl_crypsis.ini'),
(6759, 'KUNENA_TMPL_STRAPLESS', 'Crypsis', 'C:\\wamp\\www\\framework\\components\\com_kunena\\language\\en-GB\\en-GB.kunena_tmpl_crypsis.sys.ini'),
(6760, 'KUNENA_TMPL_STRAPLESS_DESC', 'Bootstrap template', 'C:\\wamp\\www\\framework\\components\\com_kunena\\language\\en-GB\\en-GB.kunena_tmpl_crypsis.sys.ini'),
(6761, 'MOD_KUNENAMENU', 'Kunena Menu', 'C:\\wamp\\www\\framework\\components\\com_kunena\\language\\en-GB\\en-GB.mod_kunenamenu.ini'),
(6762, 'MOD_KUNENAMENU_FIELD_ALLCHILDREN_DESC', 'Expand the menu and make its sub-menu items always visible.', 'C:\\wamp\\www\\framework\\components\\com_kunena\\language\\en-GB\\en-GB.mod_kunenamenu.ini'),
(6763, 'MOD_KUNENAMENU_FIELD_ALLCHILDREN_LABEL', 'Show Sub-menu Items', 'C:\\wamp\\www\\framework\\components\\com_kunena\\language\\en-GB\\en-GB.mod_kunenamenu.ini'),
(6764, 'MOD_KUNENAMENU_FIELD_CLASS_DESC', 'A suffix to be applied to the CSS class of the menu items', 'C:\\wamp\\www\\framework\\components\\com_kunena\\language\\en-GB\\en-GB.mod_kunenamenu.ini'),
(6765, 'MOD_KUNENAMENU_FIELD_CLASS_LABEL', 'Menu Class Suffix', 'C:\\wamp\\www\\framework\\components\\com_kunena\\language\\en-GB\\en-GB.mod_kunenamenu.ini'),
(6766, 'MOD_KUNENAMENU_FIELD_ENDLEVEL_DESC', 'Level to stop rendering the menu at. If you choose ''All'', all levels will be shown depending on ''Show Sub-menu Items'' setting.', 'C:\\wamp\\www\\framework\\components\\com_kunena\\language\\en-GB\\en-GB.mod_kunenamenu.ini'),
(6767, 'MOD_KUNENAMENU_FIELD_ENDLEVEL_LABEL', 'End Level', 'C:\\wamp\\www\\framework\\components\\com_kunena\\language\\en-GB\\en-GB.mod_kunenamenu.ini'),
(6768, 'MOD_KUNENAMENU_FIELD_MENUTYPE_DESC', 'Select a menu in the list', 'C:\\wamp\\www\\framework\\components\\com_kunena\\language\\en-GB\\en-GB.mod_kunenamenu.ini'),
(6769, 'MOD_KUNENAMENU_FIELD_MENUTYPE_LABEL', 'Select Menu', 'C:\\wamp\\www\\framework\\components\\com_kunena\\language\\en-GB\\en-GB.mod_kunenamenu.ini'),
(6770, 'MOD_KUNENAMENU_FIELD_STARTLEVEL_DESC', 'Level to start rendering the menu at. Setting the start and end levels to the same # and setting ''Show Sub-menu Items'' to yes will only display that single level.', 'C:\\wamp\\www\\framework\\components\\com_kunena\\language\\en-GB\\en-GB.mod_kunenamenu.ini'),
(6771, 'MOD_KUNENAMENU_FIELD_STARTLEVEL_LABEL', 'Start Level', 'C:\\wamp\\www\\framework\\components\\com_kunena\\language\\en-GB\\en-GB.mod_kunenamenu.ini'),
(6772, 'MOD_KUNENAMENU_FIELD_TAG_ID_DESC', 'An ID attribute to assign to the root UL tag of the menu (optional)', 'C:\\wamp\\www\\framework\\components\\com_kunena\\language\\en-GB\\en-GB.mod_kunenamenu.ini'),
(6773, 'MOD_KUNENAMENU_FIELD_TAG_ID_LABEL', 'Menu Tag ID', 'C:\\wamp\\www\\framework\\components\\com_kunena\\language\\en-GB\\en-GB.mod_kunenamenu.ini'),
(6774, 'MOD_KUNENAMENU_FIELD_TARGET_DESC', 'JavaScript values to position a popup window, e.g. top=50,left=50,width=200,height=300', 'C:\\wamp\\www\\framework\\components\\com_kunena\\language\\en-GB\\en-GB.mod_kunenamenu.ini'),
(6775, 'MOD_KUNENAMENU_FIELD_TARGET_LABEL', 'Target Position', 'C:\\wamp\\www\\framework\\components\\com_kunena\\language\\en-GB\\en-GB.mod_kunenamenu.ini'),
(6776, 'MOD_KUNENAMENU_XML_DESCRIPTION', 'This module displays a menu on the frontend.', 'C:\\wamp\\www\\framework\\components\\com_kunena\\language\\en-GB\\en-GB.mod_kunenamenu.ini'),
(6777, 'MOD_KUNENAMENU', 'Kunena Menu', 'C:\\wamp\\www\\framework\\components\\com_kunena\\language\\en-GB\\en-GB.mod_kunenamenu.sys.ini'),
(6778, 'MOD_KUNENAMENU_XML_DESCRIPTION', 'This module displays Kunena menu on the frontend.', 'C:\\wamp\\www\\framework\\components\\com_kunena\\language\\en-GB\\en-GB.mod_kunenamenu.sys.ini'),
(6779, 'MOD_KUNENAMENU_LAYOUT_DEFAULT', 'Default', 'C:\\wamp\\www\\framework\\components\\com_kunena\\language\\en-GB\\en-GB.mod_kunenamenu.sys.ini'),
(6780, 'TPL_BEEZ3_ADDITIONAL_INFORMATION', 'Additional information', 'C:\\wamp\\www\\framework\\templates\\beez3\\language\\en-GB\\en-GB.tpl_beez3.ini'),
(6781, 'TPL_BEEZ3_ALTCLOSE', 'is closed', 'C:\\wamp\\www\\framework\\templates\\beez3\\language\\en-GB\\en-GB.tpl_beez3.ini'),
(6782, 'TPL_BEEZ3_ALTOPEN', 'is open', 'C:\\wamp\\www\\framework\\templates\\beez3\\language\\en-GB\\en-GB.tpl_beez3.ini'),
(6783, 'TPL_BEEZ3_BIGGER', 'Bigger', 'C:\\wamp\\www\\framework\\templates\\beez3\\language\\en-GB\\en-GB.tpl_beez3.ini'),
(6784, 'TPL_BEEZ3_CLICK', 'click', 'C:\\wamp\\www\\framework\\templates\\beez3\\language\\en-GB\\en-GB.tpl_beez3.ini'),
(6785, 'TPL_BEEZ3_CLOSEMENU', 'Close Menu', 'C:\\wamp\\www\\framework\\templates\\beez3\\language\\en-GB\\en-GB.tpl_beez3.ini'),
(6786, 'TPL_BEEZ3_DECREASE_SIZE', 'Decrease size', 'C:\\wamp\\www\\framework\\templates\\beez3\\language\\en-GB\\en-GB.tpl_beez3.ini'),
(6787, 'TPL_BEEZ3_ERROR_JUMP_TO_NAV', 'Jump to navigation', 'C:\\wamp\\www\\framework\\templates\\beez3\\language\\en-GB\\en-GB.tpl_beez3.ini'),
(6788, 'TPL_BEEZ3_FIELD_BOOTSTRAP_DESC', 'Create a comma separated list of any components for which Bootstrap is needed, for example com_name, com_anothername.', 'C:\\wamp\\www\\framework\\templates\\beez3\\language\\en-GB\\en-GB.tpl_beez3.ini'),
(6789, 'TPL_BEEZ3_FIELD_BOOTSTRAP_LABEL', 'Components Requiring<br /> Bootstrap', 'C:\\wamp\\www\\framework\\templates\\beez3\\language\\en-GB\\en-GB.tpl_beez3.ini'),
(6790, 'TPL_BEEZ3_FIELD_DESCRIPTION_DESC', 'Please add your site description here.', 'C:\\wamp\\www\\framework\\templates\\beez3\\language\\en-GB\\en-GB.tpl_beez3.ini'),
(6791, 'TPL_BEEZ3_FIELD_DESCRIPTION_LABEL', 'Site Description', 'C:\\wamp\\www\\framework\\templates\\beez3\\language\\en-GB\\en-GB.tpl_beez3.ini'),
(6792, 'TPL_BEEZ3_FIELD_HEADER_BACKGROUND_COLOR_DESC', 'Choose a colour for the Background if the custom colour option is selected. If left blank the Default (#eeeeee) is used.', 'C:\\wamp\\www\\framework\\templates\\beez3\\language\\en-GB\\en-GB.tpl_beez3.ini'),
(6793, 'TPL_BEEZ3_FIELD_HEADER_BACKGROUND_COLOR_LABEL', 'Background Colour', 'C:\\wamp\\www\\framework\\templates\\beez3\\language\\en-GB\\en-GB.tpl_beez3.ini'),
(6794, 'TPL_BEEZ3_FIELD_HEADER_IMAGE_DESC', 'Use the selected header image when the custom colour option is selected.', 'C:\\wamp\\www\\framework\\templates\\beez3\\language\\en-GB\\en-GB.tpl_beez3.ini'),
(6795, 'TPL_BEEZ3_FIELD_HEADER_IMAGE_LABEL', 'Header Image', 'C:\\wamp\\www\\framework\\templates\\beez3\\language\\en-GB\\en-GB.tpl_beez3.ini'),
(6796, 'TPL_BEEZ3_FIELD_LOGO_DESC', 'Please choose an image. If you do not want to display a logo, click on Clear and leave the field blank.', 'C:\\wamp\\www\\framework\\templates\\beez3\\language\\en-GB\\en-GB.tpl_beez3.ini'),
(6797, 'TPL_BEEZ3_FIELD_LOGO_LABEL', 'Logo', 'C:\\wamp\\www\\framework\\templates\\beez3\\language\\en-GB\\en-GB.tpl_beez3.ini'),
(6798, 'TPL_BEEZ3_FIELD_NAVPOSITION_DESC', 'Navigation before or after content.', 'C:\\wamp\\www\\framework\\templates\\beez3\\language\\en-GB\\en-GB.tpl_beez3.ini'),
(6799, 'TPL_BEEZ3_FIELD_NAVPOSITION_LABEL', 'Position of Navigation', 'C:\\wamp\\www\\framework\\templates\\beez3\\language\\en-GB\\en-GB.tpl_beez3.ini'),
(6800, 'TPL_BEEZ3_FIELD_SITETITLE_DESC', 'Please add your site title here, it''s only displayed if you don''t use a logo.', 'C:\\wamp\\www\\framework\\templates\\beez3\\language\\en-GB\\en-GB.tpl_beez3.ini'),
(6801, 'TPL_BEEZ3_FIELD_SITETITLE_LABEL', 'Site Title', 'C:\\wamp\\www\\framework\\templates\\beez3\\language\\en-GB\\en-GB.tpl_beez3.ini'),
(6802, 'TPL_BEEZ3_FIELD_TEMPLATECOLOR_DESC', 'Colour of the template.', 'C:\\wamp\\www\\framework\\templates\\beez3\\language\\en-GB\\en-GB.tpl_beez3.ini'),
(6803, 'TPL_BEEZ3_FIELD_TEMPLATECOLOR_LABEL', 'Template colour', 'C:\\wamp\\www\\framework\\templates\\beez3\\language\\en-GB\\en-GB.tpl_beez3.ini'),
(6804, 'TPL_BEEZ3_FIELD_WRAPPERLARGE_DESC', 'Wrapper width with closed additional columns in percent.', 'C:\\wamp\\www\\framework\\templates\\beez3\\language\\en-GB\\en-GB.tpl_beez3.ini'),
(6805, 'TPL_BEEZ3_FIELD_WRAPPERLARGE_LABEL', 'Wrapper Large (%)', 'C:\\wamp\\www\\framework\\templates\\beez3\\language\\en-GB\\en-GB.tpl_beez3.ini'),
(6806, 'TPL_BEEZ3_FIELD_WRAPPERSMALL_DESC', 'Wrapper width with opened additional columns in percent.', 'C:\\wamp\\www\\framework\\templates\\beez3\\language\\en-GB\\en-GB.tpl_beez3.ini'),
(6807, 'TPL_BEEZ3_FIELD_WRAPPERSMALL_LABEL', 'Wrapper Small (%)', 'C:\\wamp\\www\\framework\\templates\\beez3\\language\\en-GB\\en-GB.tpl_beez3.ini'),
(6808, 'TPL_BEEZ3_FONTSIZE', 'Font size', 'C:\\wamp\\www\\framework\\templates\\beez3\\language\\en-GB\\en-GB.tpl_beez3.ini'),
(6809, 'TPL_BEEZ3_INCREASE_SIZE', 'Increase size', 'C:\\wamp\\www\\framework\\templates\\beez3\\language\\en-GB\\en-GB.tpl_beez3.ini'),
(6810, 'TPL_BEEZ3_JUMP_TO_INFO', 'Jump to additional information', 'C:\\wamp\\www\\framework\\templates\\beez3\\language\\en-GB\\en-GB.tpl_beez3.ini'),
(6811, 'TPL_BEEZ3_JUMP_TO_NAV', 'Jump to main navigation and login', 'C:\\wamp\\www\\framework\\templates\\beez3\\language\\en-GB\\en-GB.tpl_beez3.ini'),
(6812, 'TPL_BEEZ3_NAVIGATION', 'Navigation', 'C:\\wamp\\www\\framework\\templates\\beez3\\language\\en-GB\\en-GB.tpl_beez3.ini'),
(6813, 'TPL_BEEZ3_NAV_VIEW_SEARCH', 'Nav view search', 'C:\\wamp\\www\\framework\\templates\\beez3\\language\\en-GB\\en-GB.tpl_beez3.ini'),
(6814, 'TPL_BEEZ3_NEXTTAB', 'Next Tab', 'C:\\wamp\\www\\framework\\templates\\beez3\\language\\en-GB\\en-GB.tpl_beez3.ini'),
(6815, 'TPL_BEEZ3_OPENMENU', 'Open Menu', 'C:\\wamp\\www\\framework\\templates\\beez3\\language\\en-GB\\en-GB.tpl_beez3.ini'),
(6816, 'TPL_BEEZ3_OPTION_AFTER_CONTENT', 'after content', 'C:\\wamp\\www\\framework\\templates\\beez3\\language\\en-GB\\en-GB.tpl_beez3.ini'),
(6817, 'TPL_BEEZ3_OPTION_BEFORE_CONTENT', 'before content', 'C:\\wamp\\www\\framework\\templates\\beez3\\language\\en-GB\\en-GB.tpl_beez3.ini'),
(6818, 'TPL_BEEZ3_OPTION_IMAGE', 'Custom', 'C:\\wamp\\www\\framework\\templates\\beez3\\language\\en-GB\\en-GB.tpl_beez3.ini'),
(6819, 'TPL_BEEZ3_OPTION_NATURE', 'Nature', 'C:\\wamp\\www\\framework\\templates\\beez3\\language\\en-GB\\en-GB.tpl_beez3.ini'),
(6820, 'TPL_BEEZ3_OPTION_PERSONAL', 'Personal', 'C:\\wamp\\www\\framework\\templates\\beez3\\language\\en-GB\\en-GB.tpl_beez3.ini'),
(6821, 'TPL_BEEZ3_OPTION_RED', 'Red', 'C:\\wamp\\www\\framework\\templates\\beez3\\language\\en-GB\\en-GB.tpl_beez3.ini'),
(6822, 'TPL_BEEZ3_OPTION_TURQ', 'Turquoise', 'C:\\wamp\\www\\framework\\templates\\beez3\\language\\en-GB\\en-GB.tpl_beez3.ini'),
(6823, 'TPL_BEEZ3_POWERED_BY', 'Powered by', 'C:\\wamp\\www\\framework\\templates\\beez3\\language\\en-GB\\en-GB.tpl_beez3.ini'),
(6824, 'TPL_BEEZ3_RESET', 'Reset', 'C:\\wamp\\www\\framework\\templates\\beez3\\language\\en-GB\\en-GB.tpl_beez3.ini'),
(6825, 'TPL_BEEZ3_REVERT_STYLES_TO_DEFAULT', 'Revert styles to default', 'C:\\wamp\\www\\framework\\templates\\beez3\\language\\en-GB\\en-GB.tpl_beez3.ini'),
(6826, 'TPL_BEEZ3_SEARCH', 'Search', 'C:\\wamp\\www\\framework\\templates\\beez3\\language\\en-GB\\en-GB.tpl_beez3.ini'),
(6827, 'TPL_BEEZ3_SKIP_TO_CONTENT', 'Skip to content', 'C:\\wamp\\www\\framework\\templates\\beez3\\language\\en-GB\\en-GB.tpl_beez3.ini'),
(6828, 'TPL_BEEZ3_SKIP_TO_ERROR_CONTENT', 'Jump to error message and search', 'C:\\wamp\\www\\framework\\templates\\beez3\\language\\en-GB\\en-GB.tpl_beez3.ini'),
(6829, 'TPL_BEEZ3_SMALLER', 'Smaller', 'C:\\wamp\\www\\framework\\templates\\beez3\\language\\en-GB\\en-GB.tpl_beez3.ini'),
(6830, 'TPL_BEEZ3_SYSTEM_MESSAGE', 'Error', 'C:\\wamp\\www\\framework\\templates\\beez3\\language\\en-GB\\en-GB.tpl_beez3.ini'),
(6831, 'TPL_BEEZ3_TEXTRIGHTCLOSE', 'Close info', 'C:\\wamp\\www\\framework\\templates\\beez3\\language\\en-GB\\en-GB.tpl_beez3.ini'),
(6832, 'TPL_BEEZ3_TEXTRIGHTOPEN', 'Open info', 'C:\\wamp\\www\\framework\\templates\\beez3\\language\\en-GB\\en-GB.tpl_beez3.ini'),
(6833, 'TPL_BEEZ3_XML_DESCRIPTION', 'Accessible template for Joomla! Beez, the HTML 4 version.', 'C:\\wamp\\www\\framework\\templates\\beez3\\language\\en-GB\\en-GB.tpl_beez3.ini'),
(6834, 'TPL_BEEZ3_YOUR_SITE_DESCRIPTION', 'Your site description', 'C:\\wamp\\www\\framework\\templates\\beez3\\language\\en-GB\\en-GB.tpl_beez3.ini'),
(6835, 'TPL_BEEZ3_POSITION_DEBUG', 'Debug', 'C:\\wamp\\www\\framework\\templates\\beez3\\language\\en-GB\\en-GB.tpl_beez3.sys.ini'),
(6836, 'TPL_BEEZ3_POSITION_POSITION-0', 'Search', 'C:\\wamp\\www\\framework\\templates\\beez3\\language\\en-GB\\en-GB.tpl_beez3.sys.ini'),
(6837, 'TPL_BEEZ3_POSITION_POSITION-10', 'Footer middle', 'C:\\wamp\\www\\framework\\templates\\beez3\\language\\en-GB\\en-GB.tpl_beez3.sys.ini'),
(6838, 'TPL_BEEZ3_POSITION_POSITION-11', 'Footer bottom', 'C:\\wamp\\www\\framework\\templates\\beez3\\language\\en-GB\\en-GB.tpl_beez3.sys.ini'),
(6839, 'TPL_BEEZ3_POSITION_POSITION-12', 'Middle top', 'C:\\wamp\\www\\framework\\templates\\beez3\\language\\en-GB\\en-GB.tpl_beez3.sys.ini'),
(6840, 'TPL_BEEZ3_POSITION_POSITION-13', 'Unused', 'C:\\wamp\\www\\framework\\templates\\beez3\\language\\en-GB\\en-GB.tpl_beez3.sys.ini'),
(6841, 'TPL_BEEZ3_POSITION_POSITION-14', 'Footer last', 'C:\\wamp\\www\\framework\\templates\\beez3\\language\\en-GB\\en-GB.tpl_beez3.sys.ini'),
(6842, 'TPL_BEEZ3_POSITION_POSITION-15', 'Header', 'C:\\wamp\\www\\framework\\templates\\beez3\\language\\en-GB\\en-GB.tpl_beez3.sys.ini'),
(6843, 'TPL_BEEZ3_POSITION_POSITION-1', 'Top', 'C:\\wamp\\www\\framework\\templates\\beez3\\language\\en-GB\\en-GB.tpl_beez3.sys.ini'),
(6844, 'TPL_BEEZ3_POSITION_POSITION-2', 'Breadcrumbs', 'C:\\wamp\\www\\framework\\templates\\beez3\\language\\en-GB\\en-GB.tpl_beez3.sys.ini'),
(6845, 'TPL_BEEZ3_POSITION_POSITION-3', 'Right bottom', 'C:\\wamp\\www\\framework\\templates\\beez3\\language\\en-GB\\en-GB.tpl_beez3.sys.ini'),
(6846, 'TPL_BEEZ3_POSITION_POSITION-4', 'Left middle', 'C:\\wamp\\www\\framework\\templates\\beez3\\language\\en-GB\\en-GB.tpl_beez3.sys.ini'),
(6847, 'TPL_BEEZ3_POSITION_POSITION-5', 'Left bottom', 'C:\\wamp\\www\\framework\\templates\\beez3\\language\\en-GB\\en-GB.tpl_beez3.sys.ini'),
(6848, 'TPL_BEEZ3_POSITION_POSITION-6', 'Right top', 'C:\\wamp\\www\\framework\\templates\\beez3\\language\\en-GB\\en-GB.tpl_beez3.sys.ini'),
(6849, 'TPL_BEEZ3_POSITION_POSITION-7', 'Left top', 'C:\\wamp\\www\\framework\\templates\\beez3\\language\\en-GB\\en-GB.tpl_beez3.sys.ini'),
(6850, 'TPL_BEEZ3_POSITION_POSITION-8', 'Right middle', 'C:\\wamp\\www\\framework\\templates\\beez3\\language\\en-GB\\en-GB.tpl_beez3.sys.ini'),
(6851, 'TPL_BEEZ3_POSITION_POSITION-9', 'Footer top', 'C:\\wamp\\www\\framework\\templates\\beez3\\language\\en-GB\\en-GB.tpl_beez3.sys.ini'),
(6852, 'TPL_BEEZ3_XML_DESCRIPTION', 'Accessible template for Joomla! Beez, the HTML 4 version.', 'C:\\wamp\\www\\framework\\templates\\beez3\\language\\en-GB\\en-GB.tpl_beez3.sys.ini'),
(6853, 'TPL_PROTOSTAR_XML_DESCRIPTION', 'Continuing the space theme (Solarflare from 1.0 and Milkyway from 1.5), Protostar is the Joomla 3 site template based on Bootstrap from Twitter and the launch of the Joomla User Interface library (JUI).', 'C:\\wamp\\www\\framework\\templates\\protostar\\language\\en-GB\\en-GB.tpl_protostar.ini'),
(6854, 'TPL_PROTOSTAR_BACKGROUND_COLOR_DESC', 'Choose a background colour for static layouts. If left blank the Default (#f4f6f7) is used.', 'C:\\wamp\\www\\framework\\templates\\protostar\\language\\en-GB\\en-GB.tpl_protostar.ini'),
(6855, 'TPL_PROTOSTAR_BACKGROUND_COLOR_LABEL', 'Background Colour', 'C:\\wamp\\www\\framework\\templates\\protostar\\language\\en-GB\\en-GB.tpl_protostar.ini'),
(6856, 'TPL_PROTOSTAR_BACKTOTOP', 'Back to Top', 'C:\\wamp\\www\\framework\\templates\\protostar\\language\\en-GB\\en-GB.tpl_protostar.ini'),
(6857, 'TPL_PROTOSTAR_COLOR_DESC', 'Choose an overall colour for the site template. If left blank the Default (#0088cc) is used.', 'C:\\wamp\\www\\framework\\templates\\protostar\\language\\en-GB\\en-GB.tpl_protostar.ini'),
(6858, 'TPL_PROTOSTAR_COLOR_LABEL', 'Template Colour', 'C:\\wamp\\www\\framework\\templates\\protostar\\language\\en-GB\\en-GB.tpl_protostar.ini'),
(6859, 'TPL_PROTOSTAR_FLUID', 'Fluid', 'C:\\wamp\\www\\framework\\templates\\protostar\\language\\en-GB\\en-GB.tpl_protostar.ini'),
(6860, 'TPL_PROTOSTAR_FLUID_LABEL', 'Fluid Layout', 'C:\\wamp\\www\\framework\\templates\\protostar\\language\\en-GB\\en-GB.tpl_protostar.ini'),
(6861, 'TPL_PROTOSTAR_FLUID_DESC', 'Use Bootstrap''s fluid or static container (both are responsive).', 'C:\\wamp\\www\\framework\\templates\\protostar\\language\\en-GB\\en-GB.tpl_protostar.ini'),
(6862, 'TPL_PROTOSTAR_FONT_LABEL', 'Google Font for Headings', 'C:\\wamp\\www\\framework\\templates\\protostar\\language\\en-GB\\en-GB.tpl_protostar.ini'),
(6863, 'TPL_PROTOSTAR_FONT_DESC', 'Load a Google font for the headings (H1, H2, H3, etc).', 'C:\\wamp\\www\\framework\\templates\\protostar\\language\\en-GB\\en-GB.tpl_protostar.ini'),
(6864, 'TPL_PROTOSTAR_FONT_NAME_LABEL', 'Google Font Name', 'C:\\wamp\\www\\framework\\templates\\protostar\\language\\en-GB\\en-GB.tpl_protostar.ini'),
(6865, 'TPL_PROTOSTAR_FONT_NAME_DESC', 'Example: Open+Sans or Source+Sans+Pro.', 'C:\\wamp\\www\\framework\\templates\\protostar\\language\\en-GB\\en-GB.tpl_protostar.ini'),
(6866, 'TPL_PROTOSTAR_LOGO_LABEL', 'Logo', 'C:\\wamp\\www\\framework\\templates\\protostar\\language\\en-GB\\en-GB.tpl_protostar.ini'),
(6867, 'TPL_PROTOSTAR_LOGO_DESC', 'Upload a custom logo for the site template.', 'C:\\wamp\\www\\framework\\templates\\protostar\\language\\en-GB\\en-GB.tpl_protostar.ini'),
(6868, 'TPL_PROTOSTAR_STATIC', 'Static', 'C:\\wamp\\www\\framework\\templates\\protostar\\language\\en-GB\\en-GB.tpl_protostar.ini'),
(6869, 'TPL_PROTOSTAR_POSITION_BANNER', 'Banner', 'C:\\wamp\\www\\framework\\templates\\protostar\\language\\en-GB\\en-GB.tpl_protostar.sys.ini'),
(6870, 'TPL_PROTOSTAR_POSITION_DEBUG', 'Debug', 'C:\\wamp\\www\\framework\\templates\\protostar\\language\\en-GB\\en-GB.tpl_protostar.sys.ini'),
(6871, 'TPL_PROTOSTAR_POSITION_POSITION-0', 'Search', 'C:\\wamp\\www\\framework\\templates\\protostar\\language\\en-GB\\en-GB.tpl_protostar.sys.ini'),
(6872, 'TPL_PROTOSTAR_POSITION_POSITION-10', 'Unused', 'C:\\wamp\\www\\framework\\templates\\protostar\\language\\en-GB\\en-GB.tpl_protostar.sys.ini'),
(6873, 'TPL_PROTOSTAR_POSITION_POSITION-11', 'Unused', 'C:\\wamp\\www\\framework\\templates\\protostar\\language\\en-GB\\en-GB.tpl_protostar.sys.ini'),
(6874, 'TPL_PROTOSTAR_POSITION_POSITION-12', 'Unused', 'C:\\wamp\\www\\framework\\templates\\protostar\\language\\en-GB\\en-GB.tpl_protostar.sys.ini'),
(6875, 'TPL_PROTOSTAR_POSITION_POSITION-13', 'Unused', 'C:\\wamp\\www\\framework\\templates\\protostar\\language\\en-GB\\en-GB.tpl_protostar.sys.ini'),
(6876, 'TPL_PROTOSTAR_POSITION_POSITION-14', 'Unused', 'C:\\wamp\\www\\framework\\templates\\protostar\\language\\en-GB\\en-GB.tpl_protostar.sys.ini'),
(6877, 'TPL_PROTOSTAR_POSITION_POSITION-15', 'Unused', 'C:\\wamp\\www\\framework\\templates\\protostar\\language\\en-GB\\en-GB.tpl_protostar.sys.ini'),
(6878, 'TPL_PROTOSTAR_POSITION_POSITION-1', 'Navigation', 'C:\\wamp\\www\\framework\\templates\\protostar\\language\\en-GB\\en-GB.tpl_protostar.sys.ini'),
(6879, 'TPL_PROTOSTAR_POSITION_POSITION-2', 'Breadcrumbs', 'C:\\wamp\\www\\framework\\templates\\protostar\\language\\en-GB\\en-GB.tpl_protostar.sys.ini'),
(6880, 'TPL_PROTOSTAR_POSITION_POSITION-3', 'Top center', 'C:\\wamp\\www\\framework\\templates\\protostar\\language\\en-GB\\en-GB.tpl_protostar.sys.ini'),
(6881, 'TPL_PROTOSTAR_POSITION_POSITION-4', 'Unused', 'C:\\wamp\\www\\framework\\templates\\protostar\\language\\en-GB\\en-GB.tpl_protostar.sys.ini'),
(6882, 'TPL_PROTOSTAR_POSITION_POSITION-5', 'Unused', 'C:\\wamp\\www\\framework\\templates\\protostar\\language\\en-GB\\en-GB.tpl_protostar.sys.ini'),
(6883, 'TPL_PROTOSTAR_POSITION_POSITION-6', 'Unused', 'C:\\wamp\\www\\framework\\templates\\protostar\\language\\en-GB\\en-GB.tpl_protostar.sys.ini'),
(6884, 'TPL_PROTOSTAR_POSITION_POSITION-7', 'Right', 'C:\\wamp\\www\\framework\\templates\\protostar\\language\\en-GB\\en-GB.tpl_protostar.sys.ini'),
(6885, 'TPL_PROTOSTAR_POSITION_POSITION-8', 'Left', 'C:\\wamp\\www\\framework\\templates\\protostar\\language\\en-GB\\en-GB.tpl_protostar.sys.ini'),
(6886, 'TPL_PROTOSTAR_POSITION_POSITION-9', 'Unused', 'C:\\wamp\\www\\framework\\templates\\protostar\\language\\en-GB\\en-GB.tpl_protostar.sys.ini'),
(6887, 'TPL_PROTOSTAR_POSITION_FOOTER', 'Footer', 'C:\\wamp\\www\\framework\\templates\\protostar\\language\\en-GB\\en-GB.tpl_protostar.sys.ini'),
(6888, 'TPL_PROTOSTAR_XML_DESCRIPTION', 'Continuing the space theme (Solarflare from 1.0 and Milkyway from 1.5), Protostar is the Joomla 3 site template based on Bootstrap from Twitter and the launch of the Joomla User Interface library (JUI).', 'C:\\wamp\\www\\framework\\templates\\protostar\\language\\en-GB\\en-GB.tpl_protostar.sys.ini'),
(6889, 'DATE_FORMAT_LC', 'l, d F Y', 'C:\\wamp\\www\\framework\\templates\\theme3573\\language\\en-GB\\en-GB.tpl_theme3573.ini'),
(6890, 'DATE_FORMAT_LC2', 'l, d F Y H:i', 'C:\\wamp\\www\\framework\\templates\\theme3573\\language\\en-GB\\en-GB.tpl_theme3573.ini'),
(6891, 'DATE_FORMAT_LC3', 'd F Y', 'C:\\wamp\\www\\framework\\templates\\theme3573\\language\\en-GB\\en-GB.tpl_theme3573.ini'),
(6892, 'DATE_FORMAT_LC4', 'Y-m-d', 'C:\\wamp\\www\\framework\\templates\\theme3573\\language\\en-GB\\en-GB.tpl_theme3573.ini'),
(6893, 'DATE_FORMAT_JS1', 'y-m-d', 'C:\\wamp\\www\\framework\\templates\\theme3573\\language\\en-GB\\en-GB.tpl_theme3573.ini'),
(6894, 'DATE_FORMAT_TPL1', 'M d, Y', 'C:\\wamp\\www\\framework\\templates\\theme3573\\language\\en-GB\\en-GB.tpl_theme3573.ini'),
(6895, 'DATE_FORMAT_TPL2', 'd', 'C:\\wamp\\www\\framework\\templates\\theme3573\\language\\en-GB\\en-GB.tpl_theme3573.ini'),
(6896, 'DATE_FORMAT_TPL3', 'M', 'C:\\wamp\\www\\framework\\templates\\theme3573\\language\\en-GB\\en-GB.tpl_theme3573.ini'),
(6897, 'TPL_THEME_LAYOUT_LABEL', 'Theme layout', 'C:\\wamp\\www\\framework\\templates\\theme3573\\language\\en-GB\\en-GB.tpl_theme3573.ini'),
(6898, 'TPL_THEME_LAYOUT_DESC', 'Please choose theme layout. Fluid or fixed', 'C:\\wamp\\www\\framework\\templates\\theme3573\\language\\en-GB\\en-GB.tpl_theme3573.ini'),
(6899, 'TPL_FIXED', 'Fixed', 'C:\\wamp\\www\\framework\\templates\\theme3573\\language\\en-GB\\en-GB.tpl_theme3573.ini'),
(6900, 'TPL_FLUID', 'Fluid', 'C:\\wamp\\www\\framework\\templates\\theme3573\\language\\en-GB\\en-GB.tpl_theme3573.ini'),
(6901, 'TPL_LOGO_LABEL', '<b>Logo Settings</b>', 'C:\\wamp\\www\\framework\\templates\\theme3573\\language\\en-GB\\en-GB.tpl_theme3573.ini'),
(6902, 'TPL_LOGO_DESC', 'Set the Logo parameters', 'C:\\wamp\\www\\framework\\templates\\theme3573\\language\\en-GB\\en-GB.tpl_theme3573.ini'),
(6903, 'TPL_THEME_LOGO_LABEL', 'Logo', 'C:\\wamp\\www\\framework\\templates\\theme3573\\language\\en-GB\\en-GB.tpl_theme3573.ini'),
(6904, 'TPL_THEME_LOGO_DESC', 'Upload a custom logo for the site template.', 'C:\\wamp\\www\\framework\\templates\\theme3573\\language\\en-GB\\en-GB.tpl_theme3573.ini'),
(6905, 'TPL_LOGO_WIDTH', 'Logo Width', 'C:\\wamp\\www\\framework\\templates\\theme3573\\language\\en-GB\\en-GB.tpl_theme3573.ini'),
(6906, 'TPL_LOGO_WIDTH_DESC', 'Please select logo container grid width', 'C:\\wamp\\www\\framework\\templates\\theme3573\\language\\en-GB\\en-GB.tpl_theme3573.ini'),
(6907, 'TPL_FOOTER_LABEL', '<b>Footer Settings</b>', 'C:\\wamp\\www\\framework\\templates\\theme3573\\language\\en-GB\\en-GB.tpl_theme3573.ini'),
(6908, 'TPL_FOOTER_DESC', 'Set the Footer parameters', 'C:\\wamp\\www\\framework\\templates\\theme3573\\language\\en-GB\\en-GB.tpl_theme3573.ini'),
(6909, 'TPL_FOOTER_LOGO_LABEL', 'Show Footer Logo', 'C:\\wamp\\www\\framework\\templates\\theme3573\\language\\en-GB\\en-GB.tpl_theme3573.ini'),
(6910, 'TPL_THEME_FOOTER_LOGO_LABEL', 'Footer Logo', 'C:\\wamp\\www\\framework\\templates\\theme3573\\language\\en-GB\\en-GB.tpl_theme3573.ini'),
(6911, 'TPL_THEME_FOOTER_LOGO_DESC', 'Upload a custom footer logo for the site template.', 'C:\\wamp\\www\\framework\\templates\\theme3573\\language\\en-GB\\en-GB.tpl_theme3573.ini'),
(6912, 'TPL_FOOTER_WIDTH', 'Footer Width', 'C:\\wamp\\www\\framework\\templates\\theme3573\\language\\en-GB\\en-GB.tpl_theme3573.ini'),
(6913, 'TPL_FOOTER_WIDTH_DESC', 'Please select footer container grid width', 'C:\\wamp\\www\\framework\\templates\\theme3573\\language\\en-GB\\en-GB.tpl_theme3573.ini'),
(6914, 'TPL_COPY_LABEL', 'Show &copy;', 'C:\\wamp\\www\\framework\\templates\\theme3573\\language\\en-GB\\en-GB.tpl_theme3573.ini'),
(6915, 'TPL_YEAR_LABEL', 'Show Year', 'C:\\wamp\\www\\framework\\templates\\theme3573\\language\\en-GB\\en-GB.tpl_theme3573.ini'),
(6916, 'TPL_PRIVACY_LINK_LABEL', 'Privacy Policy Link', 'C:\\wamp\\www\\framework\\templates\\theme3573\\language\\en-GB\\en-GB.tpl_theme3573.ini'),
(6917, 'PRIVACY_LINK_MENU_LABEL', 'Privacy Policy Item', 'C:\\wamp\\www\\framework\\templates\\theme3573\\language\\en-GB\\en-GB.tpl_theme3573.ini'),
(6918, 'PRIVACY_LINK_TITLE_LABEL', 'Privacy Policy Label', 'C:\\wamp\\www\\framework\\templates\\theme3573\\language\\en-GB\\en-GB.tpl_theme3573.ini'),
(6919, 'TPL_TERMS_LINK_LABEL', 'Terms of Use Link', 'C:\\wamp\\www\\framework\\templates\\theme3573\\language\\en-GB\\en-GB.tpl_theme3573.ini'),
(6920, 'TERMS_LINK_MENU_LABEL', 'Terms of Use Item', 'C:\\wamp\\www\\framework\\templates\\theme3573\\language\\en-GB\\en-GB.tpl_theme3573.ini'),
(6921, 'TERMS_LINK_TITLE_LABEL', 'Terms of Use Label', 'C:\\wamp\\www\\framework\\templates\\theme3573\\language\\en-GB\\en-GB.tpl_theme3573.ini'),
(6922, 'TPL_THEME_ASIDE_LEFT_WIDTH', 'Left Sidebar Width', 'C:\\wamp\\www\\framework\\templates\\theme3573\\language\\en-GB\\en-GB.tpl_theme3573.ini'),
(6923, 'TPL_THEME_ASIDE_RIGHT_WIDTH', 'Right Sidebar width', 'C:\\wamp\\www\\framework\\templates\\theme3573\\language\\en-GB\\en-GB.tpl_theme3573.ini');
INSERT INTO `jos_overrider` (`id`, `constant`, `string`, `file`) VALUES
(6924, 'TPL_THEME_ASIDE_LEFT_WIDTH_DESC', 'Set left sidebar width in grid columns', 'C:\\wamp\\www\\framework\\templates\\theme3573\\language\\en-GB\\en-GB.tpl_theme3573.ini'),
(6925, 'TPL_THEME_ASIDE_RIGHT_WIDTH_DESC', 'Set right sidebar width in grid columns', 'C:\\wamp\\www\\framework\\templates\\theme3573\\language\\en-GB\\en-GB.tpl_theme3573.ini'),
(6926, 'TPL_THEME_TOTOP', 'To Top button', 'C:\\wamp\\www\\framework\\templates\\theme3573\\language\\en-GB\\en-GB.tpl_theme3573.ini'),
(6927, 'TPL_THEME_TOTOP_DESC', 'Please select if you want to display To Top button', 'C:\\wamp\\www\\framework\\templates\\theme3573\\language\\en-GB\\en-GB.tpl_theme3573.ini'),
(6928, 'TPL_THEME_TOTOP_TEXT', 'Totop text', 'C:\\wamp\\www\\framework\\templates\\theme3573\\language\\en-GB\\en-GB.tpl_theme3573.ini'),
(6929, 'TPL_THEME_TOTOP_TEXT_DESC', 'Please input toptop button text', 'C:\\wamp\\www\\framework\\templates\\theme3573\\language\\en-GB\\en-GB.tpl_theme3573.ini'),
(6930, 'TPL_THEME_TODESKTOP', 'To Desktop button', 'C:\\wamp\\www\\framework\\templates\\theme3573\\language\\en-GB\\en-GB.tpl_theme3573.ini'),
(6931, 'TPL_THEME_TODESKTOP_DESC', 'Please select if you want to display To Desktop button at mobile devices', 'C:\\wamp\\www\\framework\\templates\\theme3573\\language\\en-GB\\en-GB.tpl_theme3573.ini'),
(6932, 'TPL_THEME_TODESKTOP_TEXT', 'Todesktop text', 'C:\\wamp\\www\\framework\\templates\\theme3573\\language\\en-GB\\en-GB.tpl_theme3573.ini'),
(6933, 'TPL_THEME_TODESKTOP_TEXT_DESC', 'Please input todeskptop button text', 'C:\\wamp\\www\\framework\\templates\\theme3573\\language\\en-GB\\en-GB.tpl_theme3573.ini'),
(6934, 'TPL_THEME_TOMOBILE_TEXT', 'Tomobile text', 'C:\\wamp\\www\\framework\\templates\\theme3573\\language\\en-GB\\en-GB.tpl_theme3573.ini'),
(6935, 'TPL_THEME_TOMOBILE_TEXT_DESC', 'Please input tomobile button text', 'C:\\wamp\\www\\framework\\templates\\theme3573\\language\\en-GB\\en-GB.tpl_theme3573.ini'),
(6936, 'TPL_SPACER_ASIDES_LABEL', '<b>Asides:</b>', 'C:\\wamp\\www\\framework\\templates\\theme3573\\language\\en-GB\\en-GB.tpl_theme3573.ini'),
(6937, 'TPL_SPACER_ASIDES_DESC', 'set grid width for the left and right sidebars.', 'C:\\wamp\\www\\framework\\templates\\theme3573\\language\\en-GB\\en-GB.tpl_theme3573.ini'),
(6938, 'TPL_FIELDSET_LAYOUT', 'Layout', 'C:\\wamp\\www\\framework\\templates\\theme3573\\language\\en-GB\\en-GB.tpl_theme3573.ini'),
(6939, 'TPL_FIELDSET_GRID', 'Grid', 'C:\\wamp\\www\\framework\\templates\\theme3573\\language\\en-GB\\en-GB.tpl_theme3573.ini'),
(6940, 'TPL_FIELDSET_FEATURES', 'Features', 'C:\\wamp\\www\\framework\\templates\\theme3573\\language\\en-GB\\en-GB.tpl_theme3573.ini'),
(6941, 'TPL_FIELDSET_TYPOGRAPHY', 'Typography', 'C:\\wamp\\www\\framework\\templates\\theme3573\\language\\en-GB\\en-GB.tpl_theme3573.ini'),
(6942, 'TPL_PAGE_HEADING_LABEL', 'Page heading', 'C:\\wamp\\www\\framework\\templates\\theme3573\\language\\en-GB\\en-GB.tpl_theme3573.ini'),
(6943, 'TPL_ITEM_HEADING_LABEL', 'Item heading', 'C:\\wamp\\www\\framework\\templates\\theme3573\\language\\en-GB\\en-GB.tpl_theme3573.ini'),
(6944, 'TPL_PAGE_HEADING_DESC', 'Set tag for the page heading title', 'C:\\wamp\\www\\framework\\templates\\theme3573\\language\\en-GB\\en-GB.tpl_theme3573.ini'),
(6945, 'TPL_ITEM_HEADING_DESC', 'Set tag for the item title', 'C:\\wamp\\www\\framework\\templates\\theme3573\\language\\en-GB\\en-GB.tpl_theme3573.ini'),
(6946, 'TPL_SPACER_CATEGORY_TYPO_LABEL', '<b>Category View:</b>', 'C:\\wamp\\www\\framework\\templates\\theme3573\\language\\en-GB\\en-GB.tpl_theme3573.ini'),
(6947, 'TPL_SPACER_BLOG_TYPO_LABEL', '<b>Blog View:</b>', 'C:\\wamp\\www\\framework\\templates\\theme3573\\language\\en-GB\\en-GB.tpl_theme3573.ini'),
(6948, 'TPL_SPACER_ITEM_TYPO_LABEL', '<b>Item View:</b>', 'C:\\wamp\\www\\framework\\templates\\theme3573\\language\\en-GB\\en-GB.tpl_theme3573.ini'),
(6949, 'TPL_SPACER_FEATURED_TYPO_LABEL', '<b>Featured View:</b>', 'C:\\wamp\\www\\framework\\templates\\theme3573\\language\\en-GB\\en-GB.tpl_theme3573.ini'),
(6950, 'TPL_ITEM_BLOG_HEADING_LABEL', 'Item heading (Blog)', 'C:\\wamp\\www\\framework\\templates\\theme3573\\language\\en-GB\\en-GB.tpl_theme3573.ini'),
(6951, 'TPL_ITEM_BLOG_HEADING_DESC', 'Set tag for the item title. (Blog item view)', 'C:\\wamp\\www\\framework\\templates\\theme3573\\language\\en-GB\\en-GB.tpl_theme3573.ini'),
(6952, 'TPL_SPACER_FEATURED_TYPO_DESC', 'Applies for the Featured Articles page', 'C:\\wamp\\www\\framework\\templates\\theme3573\\language\\en-GB\\en-GB.tpl_theme3573.ini'),
(6953, 'TPL_SPACER_CATEGORY_TYPO_DESC', 'Applies for the Category Articles, Gallery View and Archived Articles pages', 'C:\\wamp\\www\\framework\\templates\\theme3573\\language\\en-GB\\en-GB.tpl_theme3573.ini'),
(6954, 'TPL_SPACER_BLOG_TYPO_DESC', 'Applies for the Category Blog page', 'C:\\wamp\\www\\framework\\templates\\theme3573\\language\\en-GB\\en-GB.tpl_theme3573.ini'),
(6955, 'TPL_SPACER_ITEM_TYPO_DESC', 'Applies for the Single Article page', 'C:\\wamp\\www\\framework\\templates\\theme3573\\language\\en-GB\\en-GB.tpl_theme3573.ini'),
(6956, 'SOCIAL_SHARING_CODE_LABEL', 'Social Sharing', 'C:\\wamp\\www\\framework\\templates\\theme3573\\language\\en-GB\\en-GB.tpl_theme3573.ini'),
(6957, 'SOCIAL_SHARING_CODE_DESC', 'Social sharing code. Displayed under the article content.', 'C:\\wamp\\www\\framework\\templates\\theme3573\\language\\en-GB\\en-GB.tpl_theme3573.ini'),
(6958, 'TPL_SPACER_TOTOP_LABEL', '<b>To top button</b>', 'C:\\wamp\\www\\framework\\templates\\theme3573\\language\\en-GB\\en-GB.tpl_theme3573.ini'),
(6959, 'TPL_SPACER_TOTOP_DESC', 'To top batton parameters', 'C:\\wamp\\www\\framework\\templates\\theme3573\\language\\en-GB\\en-GB.tpl_theme3573.ini'),
(6960, 'TPL_SPACER_TODESKTOP_LABEL', '<b>Back to desktop version button</b>', 'C:\\wamp\\www\\framework\\templates\\theme3573\\language\\en-GB\\en-GB.tpl_theme3573.ini'),
(6961, 'TPL_SPACER_TODESKTOP_DESC', 'Back to desktop version button parameters', 'C:\\wamp\\www\\framework\\templates\\theme3573\\language\\en-GB\\en-GB.tpl_theme3573.ini'),
(6962, 'TPL_SPACER_BLACK_AND_WHITE_LABEL', '<b>jQuery Black&White plugin</b>', 'C:\\wamp\\www\\framework\\templates\\theme3573\\language\\en-GB\\en-GB.tpl_theme3573.ini'),
(6963, 'TPL_SPACER_BLACK_AND_WHITE_DESC', 'jQuery Black&White plugin parameters', 'C:\\wamp\\www\\framework\\templates\\theme3573\\language\\en-GB\\en-GB.tpl_theme3573.ini'),
(6964, 'TPL_BLACK_AND_WHITE', 'jQuery Black&White plugin', 'C:\\wamp\\www\\framework\\templates\\theme3573\\language\\en-GB\\en-GB.tpl_theme3573.ini'),
(6965, 'TPL_BLACK_AND_WHITE_DESC', 'Enable or disable jQuery Black&White plugin', 'C:\\wamp\\www\\framework\\templates\\theme3573\\language\\en-GB\\en-GB.tpl_theme3573.ini'),
(6966, 'TPL_INVERT_HOVER_EFFECT', 'Invert hover effect', 'C:\\wamp\\www\\framework\\templates\\theme3573\\language\\en-GB\\en-GB.tpl_theme3573.ini'),
(6967, 'TPL_ANIMATION_IN_SPEED', 'Animation in speed', 'C:\\wamp\\www\\framework\\templates\\theme3573\\language\\en-GB\\en-GB.tpl_theme3573.ini'),
(6968, 'TPL_ANIMATION_OUT_SPEED', 'Animation out speed', 'C:\\wamp\\www\\framework\\templates\\theme3573\\language\\en-GB\\en-GB.tpl_theme3573.ini'),
(6969, 'TPL_IN', 'in %s', 'C:\\wamp\\www\\framework\\templates\\theme3573\\language\\en-GB\\en-GB.tpl_theme3573.ini'),
(6970, 'TPL_ON', 'on %s', 'C:\\wamp\\www\\framework\\templates\\theme3573\\language\\en-GB\\en-GB.tpl_theme3573.ini'),
(6971, 'TPL_BY', 'by %s', 'C:\\wamp\\www\\framework\\templates\\theme3573\\language\\en-GB\\en-GB.tpl_theme3573.ini'),
(6972, 'TPL_WITH', 'with %s', 'C:\\wamp\\www\\framework\\templates\\theme3573\\language\\en-GB\\en-GB.tpl_theme3573.ini'),
(6973, 'TPL_HITS', 'hits', 'C:\\wamp\\www\\framework\\templates\\theme3573\\language\\en-GB\\en-GB.tpl_theme3573.ini'),
(6974, 'TPL_VIEWS', 'views', 'C:\\wamp\\www\\framework\\templates\\theme3573\\language\\en-GB\\en-GB.tpl_theme3573.ini'),
(6975, 'TPL_COM_COMMENTS', 'Comments', 'C:\\wamp\\www\\framework\\templates\\theme3573\\language\\en-GB\\en-GB.tpl_theme3573.ini'),
(6976, 'TPL_ZOOM', 'Zoom In', 'C:\\wamp\\www\\framework\\templates\\theme3573\\language\\en-GB\\en-GB.tpl_theme3573.ini'),
(6977, 'TPL_COM_CONTENT_READ_MORE', 'Read more', 'C:\\wamp\\www\\framework\\templates\\theme3573\\language\\en-GB\\en-GB.tpl_theme3573.ini'),
(6978, 'TPL_COM_CONTENT_READ_MORE_TITLE', 'Read more', 'C:\\wamp\\www\\framework\\templates\\theme3573\\language\\en-GB\\en-GB.tpl_theme3573.ini'),
(6979, 'TPL_RESET', 'Forgot your password?', 'C:\\wamp\\www\\framework\\templates\\theme3573\\language\\en-GB\\en-GB.tpl_theme3573.ini'),
(6980, 'TPL_REMIND', 'Forgot your username?', 'C:\\wamp\\www\\framework\\templates\\theme3573\\language\\en-GB\\en-GB.tpl_theme3573.ini'),
(6981, 'TPL_CONTACT_ADDRESS', 'Address:', 'C:\\wamp\\www\\framework\\templates\\theme3573\\language\\en-GB\\en-GB.tpl_theme3573.ini'),
(6982, 'TPL_CONTACT_PHONES', 'Phones:', 'C:\\wamp\\www\\framework\\templates\\theme3573\\language\\en-GB\\en-GB.tpl_theme3573.ini'),
(6983, 'TPL_CONTACT_MAILTO', 'E-mail:', 'C:\\wamp\\www\\framework\\templates\\theme3573\\language\\en-GB\\en-GB.tpl_theme3573.ini'),
(6984, 'TPL_CONTACT_MISC', 'Miscellaneous information:', 'C:\\wamp\\www\\framework\\templates\\theme3573\\language\\en-GB\\en-GB.tpl_theme3573.ini'),
(6985, 'TPL_THEME_MOD_FOOTER_ALL_RIGHTS_RESERVED', 'All rights reserved', 'C:\\wamp\\www\\framework\\templates\\theme3573\\language\\en-GB\\en-GB.tpl_theme3573.ini'),
(6986, 'TPL_COM_CONTENT_GALLERY_FILTER_SHOW_ALL', 'Show all', 'C:\\wamp\\www\\framework\\templates\\theme3573\\language\\en-GB\\en-GB.tpl_theme3573.ini'),
(6987, 'TPL_COM_CONTENT_GALLERY_FILTER_BY_CATEGORY', 'Filter by category', 'C:\\wamp\\www\\framework\\templates\\theme3573\\language\\en-GB\\en-GB.tpl_theme3573.ini'),
(6988, 'TPL_COM_CONTENT_GALLERY_SORT', 'Sort', 'C:\\wamp\\www\\framework\\templates\\theme3573\\language\\en-GB\\en-GB.tpl_theme3573.ini'),
(6989, 'TPL_COM_CONTENT_GALLERY_FILTER_NAME', 'Name', 'C:\\wamp\\www\\framework\\templates\\theme3573\\language\\en-GB\\en-GB.tpl_theme3573.ini'),
(6990, 'TPL_COM_CONTENT_GALLERY_FILTER_DATE', 'Date', 'C:\\wamp\\www\\framework\\templates\\theme3573\\language\\en-GB\\en-GB.tpl_theme3573.ini'),
(6991, 'TPL_COM_CONTENT_GALLERY_FILTER_RANDOM', 'Random', 'C:\\wamp\\www\\framework\\templates\\theme3573\\language\\en-GB\\en-GB.tpl_theme3573.ini'),
(6992, 'TPL_COM_CONTENT_GALLERY_FILTER_POPULARITY', 'Popularity', 'C:\\wamp\\www\\framework\\templates\\theme3573\\language\\en-GB\\en-GB.tpl_theme3573.ini'),
(6993, 'TPL_GALLERY_SHOW_FILTER_LABEL', 'Show Filter', 'C:\\wamp\\www\\framework\\templates\\theme3573\\language\\en-GB\\en-GB.tpl_theme3573.ini'),
(6994, 'TPL_GALLERY_SHOW_FILTER_DESC', 'Select if you want to display Isotope filter', 'C:\\wamp\\www\\framework\\templates\\theme3573\\language\\en-GB\\en-GB.tpl_theme3573.ini'),
(6995, 'TPL_GALLERY_SHOW_SORT_LABEL', 'Show Sort', 'C:\\wamp\\www\\framework\\templates\\theme3573\\language\\en-GB\\en-GB.tpl_theme3573.ini'),
(6996, 'TPL_GALLERY_SHOW_SORT_DESC', 'Select if you want to display Isotope sort', 'C:\\wamp\\www\\framework\\templates\\theme3573\\language\\en-GB\\en-GB.tpl_theme3573.ini'),
(6997, 'TPL_GALLERY_SORT_EFFECT_LABEL', 'Sorting effect', 'C:\\wamp\\www\\framework\\templates\\theme3573\\language\\en-GB\\en-GB.tpl_theme3573.ini'),
(6998, 'TPL_GALLERY_SORT_EFFECT_DESC', 'Separated by comma, enclosed in quotes', 'C:\\wamp\\www\\framework\\templates\\theme3573\\language\\en-GB\\en-GB.tpl_theme3573.ini'),
(6999, 'TPL_COM_CONTENT_LAYOUT_MODE', 'Layout mode', 'C:\\wamp\\www\\framework\\templates\\theme3573\\language\\en-GB\\en-GB.tpl_theme3573.ini'),
(7000, 'TPL_PRIVACY_POLICY', 'Privacy policy', 'C:\\wamp\\www\\framework\\templates\\theme3573\\language\\en-GB\\en-GB.tpl_theme3573.ini'),
(7001, 'TPL_TERMS_OF_USE', 'Terms of use', 'C:\\wamp\\www\\framework\\templates\\theme3573\\language\\en-GB\\en-GB.tpl_theme3573.ini'),
(7002, 'TPL_ALL_RIGHTS_RESERVED', 'All rights reserved', 'C:\\wamp\\www\\framework\\templates\\theme3573\\language\\en-GB\\en-GB.tpl_theme3573.ini'),
(7003, 'COM_CONTENT_NONE', 'None', 'C:\\wamp\\www\\framework\\templates\\theme3573\\language\\en-GB\\en-GB.tpl_theme3573.ini'),
(7004, 'TPL_MOD_LOGIN_VALUE_USERNAME', 'User name', 'C:\\wamp\\www\\framework\\templates\\theme3573\\language\\en-GB\\en-GB.tpl_theme3573.ini'),
(7005, 'TPL_MOD_LOGIN_REMEMBER_ME', 'Remember me', 'C:\\wamp\\www\\framework\\templates\\theme3573\\language\\en-GB\\en-GB.tpl_theme3573.ini'),
(7006, 'TPL_COM_KOMENTO_FORM_SUBMIT', 'Submit comment', 'C:\\wamp\\www\\framework\\templates\\theme3573\\language\\en-GB\\en-GB.tpl_theme3573.ini'),
(7007, 'TPL_KOMENTO_FRONTPAGE_COMMENTS', 'Comments', 'C:\\wamp\\www\\framework\\templates\\theme3573\\language\\en-GB\\en-GB.tpl_theme3573.ini'),
(7008, 'JGLOBAL_SECRETKEY_HELP', 'If you have enabled two factor<br> authentication in your user account please<br> enter your secret key. If you do not know<br> what this means, you can leave this field<br> blank.', 'C:\\wamp\\www\\framework\\templates\\theme3573\\language\\en-GB\\en-GB.tpl_theme3573.ini'),
(7009, 'TPL_FORGOT', 'Forgot', 'C:\\wamp\\www\\framework\\templates\\theme3573\\language\\en-GB\\en-GB.tpl_theme3573.ini'),
(7010, 'TPL_SPACER_COUNTDOWN_LABEL', '<b>Offline Countdown</b>', 'C:\\wamp\\www\\framework\\templates\\theme3573\\language\\en-GB\\en-GB.tpl_theme3573.ini'),
(7011, 'TPL_COUNTDOWN_TIME_LABEL', 'Offline Countdown Time', 'C:\\wamp\\www\\framework\\templates\\theme3573\\language\\en-GB\\en-GB.tpl_theme3573.ini'),
(7012, 'TPL_COM_CONTENT_CATEGORY_VIEW_GALLERY_TITLE', 'Gallery View', 'C:\\wamp\\www\\framework\\templates\\theme3573\\language\\en-GB\\en-GB.tpl_theme3573.sys.ini'),
(7013, 'TPL_COM_CONTENT_CATEGORY_VIEW_GALLERY_OPTION', 'Gallery', 'C:\\wamp\\www\\framework\\templates\\theme3573\\language\\en-GB\\en-GB.tpl_theme3573.sys.ini'),
(7014, 'TPL_COM_CONTENT_CATEGORY_VIEW_GALLERY_DESC', 'Gallery category view with Isotope plugin integrated.', 'C:\\wamp\\www\\framework\\templates\\theme3573\\language\\en-GB\\en-GB.tpl_theme3573.sys.ini'),
(7015, 'TPL_GALLERY_SHOW_FILTER_LABEL', 'Show Filter', 'C:\\wamp\\www\\framework\\templates\\theme3573\\language\\en-GB\\en-GB.tpl_theme3573.sys.ini'),
(7016, 'TPL_GALLERY_SHOW_FILTER_DESC', 'Select if you want to display Isotope filter', 'C:\\wamp\\www\\framework\\templates\\theme3573\\language\\en-GB\\en-GB.tpl_theme3573.sys.ini'),
(7017, 'TPL_GALLERY_SHOW_SORT_LABEL', 'Show Sort', 'C:\\wamp\\www\\framework\\templates\\theme3573\\language\\en-GB\\en-GB.tpl_theme3573.sys.ini'),
(7018, 'TPL_GALLERY_SHOW_SORT_DESC', 'Select if you want to display Isotope sort', 'C:\\wamp\\www\\framework\\templates\\theme3573\\language\\en-GB\\en-GB.tpl_theme3573.sys.ini'),
(7019, 'TPL_GALLERY_SORT_EFFECT_LABEL', 'Sorting effect', 'C:\\wamp\\www\\framework\\templates\\theme3573\\language\\en-GB\\en-GB.tpl_theme3573.sys.ini'),
(7020, 'TPL_GALLERY_SORT_EFFECT_DESC', 'Separated by comma, enclosed in quotes. The available effects are ''fade'', ''scale'', ''rotateZ'', ''rotateX''*, ''rotateY''*, ''blur''*, and ''grayscale''*.<br><br>*These effects are not supported on certain older CSS3 compatible browsers and will not show.', 'C:\\wamp\\www\\framework\\templates\\theme3573\\language\\en-GB\\en-GB.tpl_theme3573.sys.ini'),
(7021, 'TPL_GALLERY_SHOW_LAYOUT_MODE_LABEL', 'Layout mode switcher', 'C:\\wamp\\www\\framework\\templates\\theme3573\\language\\en-GB\\en-GB.tpl_theme3573.sys.ini'),
(7022, 'TPL_GALLERY_SHOW_LAYOUT_MODE_DESC', 'Show layout mode switcher', 'C:\\wamp\\www\\framework\\templates\\theme3573\\language\\en-GB\\en-GB.tpl_theme3573.sys.ini'),
(7023, 'TPL_GALLERY_IMAGE_FLOAT_LABEL', 'Image Align', 'C:\\wamp\\www\\framework\\templates\\theme3573\\language\\en-GB\\en-GB.tpl_theme3573.sys.ini'),
(7024, 'TPL_GALLERY_IMAGE_FLOAT_DESC', 'Select article image align for the gallery view.', 'C:\\wamp\\www\\framework\\templates\\theme3573\\language\\en-GB\\en-GB.tpl_theme3573.sys.ini'),
(7025, 'TPL_LEFT', 'Left', 'C:\\wamp\\www\\framework\\templates\\theme3573\\language\\en-GB\\en-GB.tpl_theme3573.sys.ini'),
(7026, 'TPL_RIGHT', 'Right', 'C:\\wamp\\www\\framework\\templates\\theme3573\\language\\en-GB\\en-GB.tpl_theme3573.sys.ini'),
(7027, 'TPL_HOVER_INFO', 'Use css hover', 'C:\\wamp\\www\\framework\\templates\\theme3573\\language\\en-GB\\en-GB.tpl_theme3573.sys.ini'),
(7028, 'TPL_HOVER_INFO_DESC', 'Use css hover', 'C:\\wamp\\www\\framework\\templates\\theme3573\\language\\en-GB\\en-GB.tpl_theme3573.sys.ini'),
(7029, 'TPL_HOVER_INFO_STYLE', 'Css hover style', 'C:\\wamp\\www\\framework\\templates\\theme3573\\language\\en-GB\\en-GB.tpl_theme3573.sys.ini'),
(7030, 'TPL_HOVER_INFO_STYLE_DESC', 'Please choose a css hover style', 'C:\\wamp\\www\\framework\\templates\\theme3573\\language\\en-GB\\en-GB.tpl_theme3573.sys.ini'),
(7031, 'TPL_COM_CONTENT_LIMIT_INTRO_LABEL', 'Words limit in intro section', 'C:\\wamp\\www\\framework\\templates\\theme3573\\language\\en-GB\\en-GB.tpl_theme3573.sys.ini'),
(7032, 'TPL_COM_CONTENT_LIMIT_INTRO_DESC', 'Words limit in intro section', 'C:\\wamp\\www\\framework\\templates\\theme3573\\language\\en-GB\\en-GB.tpl_theme3573.sys.ini'),
(7033, 'TPL_COM_CONTENT_CATEGORY_VIEW_TEAM_TITLE', 'Team View', 'C:\\wamp\\www\\framework\\templates\\theme3573\\language\\en-GB\\en-GB.tpl_theme3573.sys.ini'),
(7034, 'TPL_COM_CONTENT_CATEGORY_VIEW_TEAM_OPTION', 'Team', 'C:\\wamp\\www\\framework\\templates\\theme3573\\language\\en-GB\\en-GB.tpl_theme3573.sys.ini'),
(7035, 'TPL_COM_CONTENT_CATEGORY_VIEW_TEAM_DESC', 'Team category view layout', 'C:\\wamp\\www\\framework\\templates\\theme3573\\language\\en-GB\\en-GB.tpl_theme3573.sys.ini'),
(7036, 'TPL_COM_CONTENT_CATEGORY_VIEW_FAQS_TITLE', 'FAQs View', 'C:\\wamp\\www\\framework\\templates\\theme3573\\language\\en-GB\\en-GB.tpl_theme3573.sys.ini'),
(7037, 'TPL_COM_CONTENT_CATEGORY_VIEW_FAQS_OPTION', 'FAQs', 'C:\\wamp\\www\\framework\\templates\\theme3573\\language\\en-GB\\en-GB.tpl_theme3573.sys.ini'),
(7038, 'TPL_COM_CONTENT_CATEGORY_VIEW_FAQS_DESC', 'Page layout in Frequently Asked Questions format. Based on definition list markup', 'C:\\wamp\\www\\framework\\templates\\theme3573\\language\\en-GB\\en-GB.tpl_theme3573.sys.ini'),
(7039, 'TPL_COM_CONTENT_CATEGORY_VIEW_BLOGVIEW_TITLE', 'Blog View', 'C:\\wamp\\www\\framework\\templates\\theme3573\\language\\en-GB\\en-GB.tpl_theme3573.sys.ini'),
(7040, 'TPL_COM_CONTENT_CATEGORY_VIEW_BLOGVIEW_OPTION', 'Blog View', 'C:\\wamp\\www\\framework\\templates\\theme3573\\language\\en-GB\\en-GB.tpl_theme3573.sys.ini'),
(7041, 'TPL_COM_CONTENT_CATEGORY_VIEW_BLOGVIEW_DESC', 'Category template for Blog page', 'C:\\wamp\\www\\framework\\templates\\theme3573\\language\\en-GB\\en-GB.tpl_theme3573.sys.ini'),
(7042, 'TPL_COM_CONTENT_CATEGORY_VIEW_ARTICLES_TITLE', 'Category Articles', 'C:\\wamp\\www\\framework\\templates\\theme3573\\language\\en-GB\\en-GB.tpl_theme3573.sys.ini'),
(7043, 'TPL_COM_CONTENT_CATEGORY_VIEW_ARTICLES_OPTION', 'Category Articles', 'C:\\wamp\\www\\framework\\templates\\theme3573\\language\\en-GB\\en-GB.tpl_theme3573.sys.ini'),
(7044, 'TPL_COM_CONTENT_CATEGORY_VIEW_ARTICLES_DESC', 'Outputs articles from the specified category', 'C:\\wamp\\www\\framework\\templates\\theme3573\\language\\en-GB\\en-GB.tpl_theme3573.sys.ini'),
(7045, 'TPL_theme3573_POSITION_DEBUG', 'debug', 'C:\\wamp\\www\\framework\\templates\\theme3573\\language\\en-GB\\en-GB.tpl_theme3573.sys.ini'),
(7046, 'TPL_theme3573_POSITION_TOP', 'top', 'C:\\wamp\\www\\framework\\templates\\theme3573\\language\\en-GB\\en-GB.tpl_theme3573.sys.ini'),
(7047, 'TPL_theme3573_POSITION_HEADER', 'header', 'C:\\wamp\\www\\framework\\templates\\theme3573\\language\\en-GB\\en-GB.tpl_theme3573.sys.ini'),
(7048, 'TPL_theme3573_POSITION_NAVIGATION', 'navigation', 'C:\\wamp\\www\\framework\\templates\\theme3573\\language\\en-GB\\en-GB.tpl_theme3573.sys.ini'),
(7049, 'TPL_theme3573_POSITION_BREADCRUMBS', 'breadcrumbs', 'C:\\wamp\\www\\framework\\templates\\theme3573\\language\\en-GB\\en-GB.tpl_theme3573.sys.ini'),
(7050, 'TPL_theme3573_POSITION_SHOWCASE', 'showcase', 'C:\\wamp\\www\\framework\\templates\\theme3573\\language\\en-GB\\en-GB.tpl_theme3573.sys.ini'),
(7051, 'TPL_theme3573_POSITION_FEATURE', 'feature', 'C:\\wamp\\www\\framework\\templates\\theme3573\\language\\en-GB\\en-GB.tpl_theme3573.sys.ini'),
(7052, 'TPL_theme3573_POSITION_MAINTOP', 'maintop', 'C:\\wamp\\www\\framework\\templates\\theme3573\\language\\en-GB\\en-GB.tpl_theme3573.sys.ini'),
(7053, 'TPL_theme3573_POSITION_CONTENT-TOP', 'content-top', 'C:\\wamp\\www\\framework\\templates\\theme3573\\language\\en-GB\\en-GB.tpl_theme3573.sys.ini'),
(7054, 'TPL_theme3573_POSITION_ASIDE-LEFT', 'aside-left', 'C:\\wamp\\www\\framework\\templates\\theme3573\\language\\en-GB\\en-GB.tpl_theme3573.sys.ini'),
(7055, 'TPL_theme3573_POSITION_ASIDE-RIGHT', 'aside-right', 'C:\\wamp\\www\\framework\\templates\\theme3573\\language\\en-GB\\en-GB.tpl_theme3573.sys.ini'),
(7056, 'TPL_theme3573_POSITION_CONTENT-BOTTOM', 'content-bottom', 'C:\\wamp\\www\\framework\\templates\\theme3573\\language\\en-GB\\en-GB.tpl_theme3573.sys.ini'),
(7057, 'TPL_theme3573_POSITION_VIDEO', 'video', 'C:\\wamp\\www\\framework\\templates\\theme3573\\language\\en-GB\\en-GB.tpl_theme3573.sys.ini'),
(7058, 'TPL_theme3573_POSITION_MAINBOTTOM', 'mainbottom', 'C:\\wamp\\www\\framework\\templates\\theme3573\\language\\en-GB\\en-GB.tpl_theme3573.sys.ini'),
(7059, 'TPL_theme3573_POSITION_MAINBOTTOM-2', 'mainbottom-2', 'C:\\wamp\\www\\framework\\templates\\theme3573\\language\\en-GB\\en-GB.tpl_theme3573.sys.ini'),
(7060, 'TPL_theme3573_POSITION_MAINBOTTOM-3', 'mainbottom-3', 'C:\\wamp\\www\\framework\\templates\\theme3573\\language\\en-GB\\en-GB.tpl_theme3573.sys.ini'),
(7061, 'TPL_theme3573_POSITION_MAINBOTTOM-4', 'mainbottom-4', 'C:\\wamp\\www\\framework\\templates\\theme3573\\language\\en-GB\\en-GB.tpl_theme3573.sys.ini'),
(7062, 'TPL_theme3573_POSITION_MAINBOTTOM-5', 'mainbottom-5', 'C:\\wamp\\www\\framework\\templates\\theme3573\\language\\en-GB\\en-GB.tpl_theme3573.sys.ini'),
(7063, 'TPL_theme3573_POSITION_BOTTOM', 'bottom', 'C:\\wamp\\www\\framework\\templates\\theme3573\\language\\en-GB\\en-GB.tpl_theme3573.sys.ini'),
(7064, 'TPL_theme3573_POSITION_FOOTER', 'footer', 'C:\\wamp\\www\\framework\\templates\\theme3573\\language\\en-GB\\en-GB.tpl_theme3573.sys.ini'),
(7065, 'TPL_theme3573_POSITION_COPYRIGHT', 'copyright', 'C:\\wamp\\www\\framework\\templates\\theme3573\\language\\en-GB\\en-GB.tpl_theme3573.sys.ini'),
(7066, 'TPL_theme3573_POSITION_MODAL', 'modal', 'C:\\wamp\\www\\framework\\templates\\theme3573\\language\\en-GB\\en-GB.tpl_theme3573.sys.ini'),
(7067, 'TPL_theme3573_POSITION_404-SEARCH', '404-search', 'C:\\wamp\\www\\framework\\templates\\theme3573\\language\\en-GB\\en-GB.tpl_theme3573.sys.ini'),
(7068, 'TPL_theme3573_POSITION_MEGAMENU', 'megamenu', 'C:\\wamp\\www\\framework\\templates\\theme3573\\language\\en-GB\\en-GB.tpl_theme3573.sys.ini'),
(7069, 'TPL_theme3573_POSITION_FIXED-SIDEBAR-LEFT', 'fixed-sidebar-left', 'C:\\wamp\\www\\framework\\templates\\theme3573\\language\\en-GB\\en-GB.tpl_theme3573.sys.ini'),
(7070, 'TPL_CHANGE_POSITION_BUTTON', 'Select', 'C:\\wamp\\www\\framework\\templates\\theme3573\\language\\en-GB\\en-GB.tpl_theme3573.sys.ini'),
(7071, 'COM_MODULES_CHANGE_POSITION_TITLE', 'Change', 'C:\\wamp\\www\\framework\\templates\\theme3573\\language\\en-GB\\en-GB.tpl_theme3573.sys.ini');

CREATE TABLE IF NOT EXISTS `jos_plg_slogin_profile` (
  `id` int(11) NOT NULL AUTO_INCREMENT,
  `user_id` int(11) NOT NULL,
  `slogin_id` varchar(150) NOT NULL,
  `provider` varchar(100) NOT NULL,
  `gender` int(1) NOT NULL DEFAULT '0',
  `f_name` varchar(100) NOT NULL,
  `l_name` varchar(100) NOT NULL,
  `phone` varchar(20) NOT NULL,
  `mobil_phone` varchar(20) NOT NULL,
  `email` varchar(50) NOT NULL,
  `social_profile_link` varchar(250) NOT NULL,
  `country` varchar(5) NOT NULL,
  `region` varchar(50) NOT NULL,
  `city` varchar(50) NOT NULL,
  `lat` varchar(50) NOT NULL,
  `lng` varchar(50) NOT NULL,
  `avatar` varchar(100) NOT NULL,
  `current_profile` int(1) NOT NULL DEFAULT '1',
  PRIMARY KEY (`id`),
  KEY `user_prov` (`user_id`,`provider`),
  KEY `user_curr` (`user_id`,`current_profile`),
  KEY `user` (`user_id`)
) ENGINE=MyISAM DEFAULT CHARSET=utf8 AUTO_INCREMENT=1 ;

CREATE TABLE IF NOT EXISTS `jos_postinstall_messages` (
  `postinstall_message_id` bigint(20) unsigned NOT NULL AUTO_INCREMENT,
  `extension_id` bigint(20) NOT NULL DEFAULT '700' COMMENT 'FK to #__extensions',
  `title_key` varchar(255) COLLATE utf8mb4_unicode_ci NOT NULL DEFAULT '' COMMENT 'Lang key for the title',
  `description_key` varchar(255) COLLATE utf8mb4_unicode_ci NOT NULL DEFAULT '' COMMENT 'Lang key for description',
  `action_key` varchar(255) COLLATE utf8mb4_unicode_ci NOT NULL DEFAULT '',
  `language_extension` varchar(255) COLLATE utf8mb4_unicode_ci NOT NULL DEFAULT 'com_postinstall' COMMENT 'Extension holding lang keys',
  `language_client_id` tinyint(3) NOT NULL DEFAULT '1',
  `type` varchar(10) COLLATE utf8mb4_unicode_ci NOT NULL DEFAULT 'link' COMMENT 'Message type - message, link, action',
  `action_file` varchar(255) COLLATE utf8mb4_unicode_ci DEFAULT '' COMMENT 'RAD URI to the PHP file containing action method',
  `action` varchar(255) COLLATE utf8mb4_unicode_ci DEFAULT '' COMMENT 'Action method name or URL',
  `condition_file` varchar(255) COLLATE utf8mb4_unicode_ci DEFAULT NULL COMMENT 'RAD URI to file holding display condition method',
  `condition_method` varchar(255) COLLATE utf8mb4_unicode_ci DEFAULT NULL COMMENT 'Display condition method, must return boolean',
  `version_introduced` varchar(50) COLLATE utf8mb4_unicode_ci NOT NULL DEFAULT '3.2.0' COMMENT 'Version when this message was introduced',
  `enabled` tinyint(3) NOT NULL DEFAULT '1',
  PRIMARY KEY (`postinstall_message_id`)
) ENGINE=InnoDB  DEFAULT CHARSET=utf8mb4 COLLATE=utf8mb4_unicode_ci AUTO_INCREMENT=7 ;

INSERT INTO `jos_postinstall_messages` (`postinstall_message_id`, `extension_id`, `title_key`, `description_key`, `action_key`, `language_extension`, `language_client_id`, `type`, `action_file`, `action`, `condition_file`, `condition_method`, `version_introduced`, `enabled`) VALUES
(1, 700, 'PLG_TWOFACTORAUTH_TOTP_POSTINSTALL_TITLE', 'PLG_TWOFACTORAUTH_TOTP_POSTINSTALL_BODY', 'PLG_TWOFACTORAUTH_TOTP_POSTINSTALL_ACTION', 'plg_twofactorauth_totp', 1, 'action', 'site://plugins/twofactorauth/totp/postinstall/actions.php', 'twofactorauth_postinstall_action', 'site://plugins/twofactorauth/totp/postinstall/actions.php', 'twofactorauth_postinstall_condition', '3.2.0', 0),
(2, 700, 'COM_CPANEL_MSG_EACCELERATOR_TITLE', 'COM_CPANEL_MSG_EACCELERATOR_BODY', 'COM_CPANEL_MSG_EACCELERATOR_BUTTON', 'com_cpanel', 1, 'action', 'admin://components/com_admin/postinstall/eaccelerator.php', 'admin_postinstall_eaccelerator_action', 'admin://components/com_admin/postinstall/eaccelerator.php', 'admin_postinstall_eaccelerator_condition', '3.2.0', 1),
(3, 700, 'COM_CPANEL_WELCOME_BEGINNERS_TITLE', 'COM_CPANEL_WELCOME_BEGINNERS_MESSAGE', '', 'com_cpanel', 1, 'message', '', '', '', '', '3.2.0', 0),
(4, 700, 'COM_CPANEL_MSG_PHPVERSION_TITLE', 'COM_CPANEL_MSG_PHPVERSION_BODY', '', 'com_cpanel', 1, 'message', '', '', 'admin://components/com_admin/postinstall/phpversion.php', 'admin_postinstall_phpversion_condition', '3.2.2', 1),
(5, 700, 'COM_CPANEL_MSG_LANGUAGEACCESS340_TITLE', 'COM_CPANEL_MSG_LANGUAGEACCESS340_BODY', '', 'com_cpanel', 1, 'message', '', '', 'admin://components/com_admin/postinstall/languageaccess340.php', 'admin_postinstall_languageaccess340_condition', '3.4.1', 1),
(6, 700, 'PLG_PLG_RECAPTCHA_VERSION_1_POSTINSTALL_TITLE', 'PLG_PLG_RECAPTCHA_VERSION_1_POSTINSTALL_BODY', 'PLG_PLG_RECAPTCHA_VERSION_1_POSTINSTALL_ACTION', 'plg_captcha_recaptcha', 1, 'action', 'site://plugins/captcha/recaptcha/postinstall/actions.php', 'recaptcha_postinstall_action', 'site://plugins/captcha/recaptcha/postinstall/actions.php', 'recaptcha_postinstall_condition', '3.8.6', 1);

CREATE TABLE IF NOT EXISTS `jos_redirect_links` (
  `id` int(10) unsigned NOT NULL AUTO_INCREMENT,
  `old_url` varchar(2048) COLLATE utf8mb4_unicode_ci NOT NULL,
  `new_url` varchar(2048) COLLATE utf8mb4_unicode_ci NOT NULL,
  `referer` varchar(2048) COLLATE utf8mb4_unicode_ci NOT NULL,
  `comment` varchar(255) COLLATE utf8mb4_unicode_ci NOT NULL,
  `hits` int(10) unsigned NOT NULL DEFAULT '0',
  `published` tinyint(4) NOT NULL,
  `created_date` datetime NOT NULL DEFAULT '0000-00-00 00:00:00',
  `modified_date` datetime NOT NULL DEFAULT '0000-00-00 00:00:00',
  `header` smallint(3) NOT NULL DEFAULT '301',
  PRIMARY KEY (`id`),
  KEY `idx_link_modifed` (`modified_date`),
  KEY `idx_old_url` (`old_url`(100))
) ENGINE=InnoDB DEFAULT CHARSET=utf8mb4 COLLATE=utf8mb4_unicode_ci AUTO_INCREMENT=1 ;

CREATE TABLE IF NOT EXISTS `jos_schemas` (
  `extension_id` int(11) NOT NULL,
  `version_id` varchar(20) COLLATE utf8mb4_unicode_ci NOT NULL,
  PRIMARY KEY (`extension_id`,`version_id`)
) ENGINE=InnoDB DEFAULT CHARSET=utf8mb4 COLLATE=utf8mb4_unicode_ci;

INSERT INTO `jos_schemas` (`extension_id`, `version_id`) VALUES
(700, '3.8.6-2018-02-14'),
(10032, '3.3.0'),
(10072, 'install.mysql.utf8'),
(10148, '1.0.2');

CREATE TABLE IF NOT EXISTS `jos_slogin_users` (
  `id` int(11) NOT NULL AUTO_INCREMENT,
  `user_id` int(11) NOT NULL,
  `slogin_id` varchar(150) NOT NULL,
  `provider` varchar(100) NOT NULL,
  PRIMARY KEY (`id`),
  KEY `user_id` (`user_id`),
  KEY `slogin_id` (`slogin_id`)
) ENGINE=MyISAM DEFAULT CHARSET=utf8 AUTO_INCREMENT=1 ;

CREATE TABLE IF NOT EXISTS `jos_tags` (
  `id` int(10) unsigned NOT NULL AUTO_INCREMENT,
  `parent_id` int(10) unsigned NOT NULL DEFAULT '0',
  `lft` int(11) NOT NULL DEFAULT '0',
  `rgt` int(11) NOT NULL DEFAULT '0',
  `level` int(10) unsigned NOT NULL DEFAULT '0',
  `path` varchar(400) COLLATE utf8mb4_unicode_ci NOT NULL DEFAULT '',
  `title` varchar(255) COLLATE utf8mb4_unicode_ci NOT NULL,
  `alias` varchar(400) CHARACTER SET utf8mb4 COLLATE utf8mb4_bin NOT NULL DEFAULT '',
  `note` varchar(255) COLLATE utf8mb4_unicode_ci NOT NULL DEFAULT '',
  `description` longtext COLLATE utf8mb4_unicode_ci NOT NULL,
  `published` tinyint(1) NOT NULL DEFAULT '0',
  `checked_out` int(11) unsigned NOT NULL DEFAULT '0',
  `checked_out_time` datetime NOT NULL DEFAULT '0000-00-00 00:00:00',
  `access` int(10) unsigned NOT NULL DEFAULT '0',
  `params` mediumtext COLLATE utf8mb4_unicode_ci NOT NULL,
  `metadesc` varchar(1024) COLLATE utf8mb4_unicode_ci NOT NULL COMMENT 'The meta description for the page.',
  `metakey` varchar(1024) COLLATE utf8mb4_unicode_ci NOT NULL COMMENT 'The meta keywords for the page.',
  `metadata` varchar(2048) COLLATE utf8mb4_unicode_ci NOT NULL COMMENT 'JSON encoded metadata properties.',
  `created_user_id` int(10) unsigned NOT NULL DEFAULT '0',
  `created_time` datetime NOT NULL DEFAULT '0000-00-00 00:00:00',
  `created_by_alias` varchar(255) COLLATE utf8mb4_unicode_ci NOT NULL DEFAULT '',
  `modified_user_id` int(10) unsigned NOT NULL DEFAULT '0',
  `modified_time` datetime NOT NULL DEFAULT '0000-00-00 00:00:00',
  `images` mediumtext COLLATE utf8mb4_unicode_ci NOT NULL,
  `urls` mediumtext COLLATE utf8mb4_unicode_ci NOT NULL,
  `hits` int(10) unsigned NOT NULL DEFAULT '0',
  `language` char(7) COLLATE utf8mb4_unicode_ci NOT NULL,
  `version` int(10) unsigned NOT NULL DEFAULT '1',
  `publish_up` datetime NOT NULL DEFAULT '0000-00-00 00:00:00',
  `publish_down` datetime NOT NULL DEFAULT '0000-00-00 00:00:00',
  PRIMARY KEY (`id`),
  KEY `tag_idx` (`published`,`access`),
  KEY `idx_access` (`access`),
  KEY `idx_checkout` (`checked_out`),
  KEY `idx_left_right` (`lft`,`rgt`),
  KEY `idx_language` (`language`),
  KEY `idx_path` (`path`(100)),
  KEY `idx_alias` (`alias`(100))
) ENGINE=InnoDB  DEFAULT CHARSET=utf8mb4 COLLATE=utf8mb4_unicode_ci AUTO_INCREMENT=18 ;

INSERT INTO `jos_tags` (`id`, `parent_id`, `lft`, `rgt`, `level`, `path`, `title`, `alias`, `note`, `description`, `published`, `checked_out`, `checked_out_time`, `access`, `params`, `metadesc`, `metakey`, `metadata`, `created_user_id`, `created_time`, `created_by_alias`, `modified_user_id`, `modified_time`, `images`, `urls`, `hits`, `language`, `version`, `publish_up`, `publish_down`) VALUES
(1, 0, 0, 31, 0, '', 'ROOT', 'root', '', '', 1, 0, '0000-00-00 00:00:00', 1, '', '', '', '', 615, '2018-03-28 07:23:44', '', 0, '0000-00-00 00:00:00', '', '', 0, '*', 1, '0000-00-00 00:00:00', '0000-00-00 00:00:00'),
(3, 1, 1, 2, 1, 'hot', 'hot', 'hot', '', '', 1, 0, '0000-00-00 00:00:00', 1, '{"tag_layout":"","tag_link_class":"label label-info"}', ' ', ' ', '{"author":"","robots":""}', 615, '2018-03-28 07:23:44', '', 615, '2018-03-28 07:23:44', '{"image_intro":"","float_intro":"","image_intro_alt":"","image_intro_caption":"","image_fulltext":"","float_fulltext":"","image_fulltext_alt":"","image_fulltext_caption":""}', '{"0":"{\\"0\\":\\"{}\\"}"}', 3, '*', 1, '2018-03-28 07:23:44', '2018-03-28 07:23:44'),
(4, 1, 3, 4, 1, 'popular', 'popular', 'popular', '', '', 1, 0, '0000-00-00 00:00:00', 1, '{"tag_layout":"","tag_link_class":"label label-info"}', ' ', ' ', '{"author":"","robots":""}', 615, '2018-03-28 07:23:44', '', 615, '2018-03-28 07:23:44', '{"image_intro":"","float_intro":"","image_intro_alt":"","image_intro_caption":"","image_fulltext":"","float_fulltext":"","image_fulltext_alt":"","image_fulltext_caption":""}', '{"0":"{}"}', 3, '*', 1, '2018-03-28 07:23:44', '2018-03-28 07:23:44'),
(5, 1, 5, 6, 1, 'public', 'public', 'public', '', '', 1, 0, '0000-00-00 00:00:00', 1, '{"tag_layout":"","tag_link_class":"label label-info"}', ' ', ' ', '{"author":"","robots":""}', 615, '2018-03-28 07:23:44', '', 615, '2018-03-28 07:23:44', '{"image_intro":"","float_intro":"","image_intro_alt":"","image_intro_caption":"","image_fulltext":"","float_fulltext":"","image_fulltext_alt":"","image_fulltext_caption":""}', '{"0":"{}"}', 2, '*', 1, '2018-03-28 07:23:44', '2018-03-28 07:23:44'),
(6, 1, 7, 8, 1, 'information', 'information', 'information', '', '', 1, 0, '0000-00-00 00:00:00', 1, '{"tag_layout":"","tag_link_class":"label label-info"}', ' ', ' ', '{"author":"","robots":""}', 615, '2018-03-28 07:23:44', '', 615, '2018-03-28 07:23:44', '{"image_intro":"","float_intro":"","image_intro_alt":"","image_intro_caption":"","image_fulltext":"","float_fulltext":"","image_fulltext_alt":"","image_fulltext_caption":""}', '{"0":"{}"}', 2, '*', 1, '2018-03-28 07:23:44', '2018-03-28 07:23:44'),
(7, 1, 9, 10, 1, 'fresh', 'fresh', 'fresh', '', '', 1, 0, '0000-00-00 00:00:00', 1, '{"tag_layout":"","tag_link_class":"label label-info"}', ' ', ' ', '{"author":"","robots":""}', 615, '2018-03-28 07:23:44', '', 615, '2018-03-28 07:23:44', '{"image_intro":"","float_intro":"","image_intro_alt":"","image_intro_caption":"","image_fulltext":"","float_fulltext":"","image_fulltext_alt":"","image_fulltext_caption":""}', '{"0":"{\\"0\\":\\"{}\\"}"}', 17, '*', 1, '2018-03-28 07:23:44', '2018-03-28 07:23:44'),
(8, 1, 11, 12, 1, 'archive', 'archive', 'archive', '', '', 1, 0, '0000-00-00 00:00:00', 1, '{"tag_layout":"","tag_link_class":"label label-info"}', ' ', ' ', '{"author":"","robots":""}', 615, '2018-03-28 07:23:44', '', 615, '2018-03-28 07:23:44', '{"image_intro":"","float_intro":"","image_intro_alt":"","image_intro_caption":"","image_fulltext":"","float_fulltext":"","image_fulltext_alt":"","image_fulltext_caption":""}', '{"0":"{}"}', 2, '*', 1, '2018-03-28 07:23:44', '2018-03-28 07:23:44'),
(9, 1, 13, 14, 1, 'news', 'news', 'news', '', '', 1, 0, '0000-00-00 00:00:00', 1, '{"tag_layout":"","tag_link_class":"label label-info"}', ' ', ' ', '{"author":"","robots":""}', 615, '2018-03-28 07:23:44', '', 615, '2018-03-28 07:23:44', '{"image_intro":"","float_intro":"","image_intro_alt":"","image_intro_caption":"","image_fulltext":"","float_fulltext":"","image_fulltext_alt":"","image_fulltext_caption":""}', '{"0":"{\\"0\\":\\"{}\\"}"}', 3, '*', 1, '2018-03-28 07:23:44', '2018-03-28 07:23:44'),
(10, 1, 15, 16, 1, 'important', 'important', 'important', '', '', 1, 0, '0000-00-00 00:00:00', 1, '{"tag_layout":"","tag_link_class":"label label-info"}', ' ', ' ', '{"author":"","robots":""}', 615, '2018-03-28 07:23:44', '', 615, '2018-03-28 07:23:44', '{"image_intro":"","float_intro":"","image_intro_alt":"","image_intro_caption":"","image_fulltext":"","float_fulltext":"","image_fulltext_alt":"","image_fulltext_caption":""}', '{"0":"{}"}', 1, '*', 1, '2018-03-28 07:23:44', '2018-03-28 07:23:44'),
(11, 1, 17, 18, 1, 'topic', 'topic', 'topic', '', '', 1, 0, '0000-00-00 00:00:00', 1, '{"tag_layout":"","tag_link_class":"label label-info"}', ' ', ' ', '{"author":"","robots":""}', 615, '2018-03-28 07:23:44', '', 615, '2018-03-28 07:23:44', '{"image_intro":"","float_intro":"","image_intro_alt":"","image_intro_caption":"","image_fulltext":"","float_fulltext":"","image_fulltext_alt":"","image_fulltext_caption":""}', '{"0":"{}"}', 1, '*', 1, '2018-03-28 07:23:44', '2018-03-28 07:23:44'),
(12, 1, 19, 20, 1, 'publication', 'publication', 'publication', '', '', 1, 0, '0000-00-00 00:00:00', 1, '{"tag_layout":"","tag_link_class":"label label-info"}', ' ', ' ', '{"author":"","robots":""}', 615, '2018-03-28 07:23:44', '', 615, '2018-03-28 07:23:44', '{"image_intro":"","float_intro":"","image_intro_alt":"","image_intro_caption":"","image_fulltext":"","float_fulltext":"","image_fulltext_alt":"","image_fulltext_caption":""}', '{"0":"{}"}', 1, '*', 1, '2018-03-28 07:23:44', '2018-03-28 07:23:44'),
(13, 1, 21, 22, 1, 'announcement', 'announcement', 'announcement', '', '', 1, 0, '0000-00-00 00:00:00', 1, '{"tag_layout":"","tag_link_class":"label label-info"}', ' ', ' ', '{"author":"","robots":""}', 615, '2018-03-28 07:23:44', '', 615, '2018-03-28 07:23:44', '{"image_intro":"","float_intro":"","image_intro_alt":"","image_intro_caption":"","image_fulltext":"","float_fulltext":"","image_fulltext_alt":"","image_fulltext_caption":""}', '{"0":"{}"}', 2, '*', 1, '2018-03-28 07:23:44', '2018-03-28 07:23:44'),
(14, 1, 23, 24, 1, 'content', 'content', 'content', '', '', 1, 0, '0000-00-00 00:00:00', 1, '{"tag_layout":"","tag_link_class":"label label-info"}', ' ', ' ', '{"author":"","robots":""}', 615, '2018-03-28 07:23:44', '', 615, '2018-03-28 07:23:44', '{"image_intro":"","float_intro":"","image_intro_alt":"","image_intro_caption":"","image_fulltext":"","float_fulltext":"","image_fulltext_alt":"","image_fulltext_caption":""}', '{"0":"{\\"0\\":\\"{}\\"}"}', 11, '*', 1, '2018-03-28 07:23:44', '2018-03-28 07:23:44'),
(15, 1, 25, 26, 1, 'latest', 'latest', 'latest', '', '', 1, 0, '0000-00-00 00:00:00', 1, '{"tag_layout":"","tag_link_class":"label label-info"}', ' ', ' ', '{"author":"","robots":""}', 615, '2018-03-28 07:23:44', '', 615, '2018-03-28 07:23:44', '{"image_intro":"","float_intro":"","image_intro_alt":"","image_intro_caption":"","image_fulltext":"","float_fulltext":"","image_fulltext_alt":"","image_fulltext_caption":""}', '{"0":"{}"}', 2, '*', 1, '2018-03-28 07:23:44', '2018-03-28 07:23:44'),
(16, 1, 27, 28, 1, 'recent', 'recent', 'recent', '', '', 1, 0, '0000-00-00 00:00:00', 1, '{"tag_layout":"","tag_link_class":"label label-info"}', ' ', ' ', '{"author":"","robots":""}', 615, '2018-03-28 07:23:44', '', 615, '2018-03-28 07:23:44', '{"image_intro":"","float_intro":"","image_intro_alt":"","image_intro_caption":"","image_fulltext":"","float_fulltext":"","image_fulltext_alt":"","image_fulltext_caption":""}', '{"0":"{\\"0\\":\\"{}\\"}"}', 2, '*', 1, '2018-03-28 07:23:44', '2018-03-28 07:23:44'),
(17, 1, 29, 30, 1, 'text', 'text', 'text', '', '', 1, 0, '0000-00-00 00:00:00', 1, '{"tag_layout":"","tag_link_class":"label label-info"}', ' ', ' ', '{"author":"","robots":""}', 615, '2018-03-28 07:23:44', '', 615, '2018-03-28 07:23:44', '{"image_intro":"","float_intro":"","image_intro_alt":"","image_intro_caption":"","image_fulltext":"","float_fulltext":"","image_fulltext_alt":"","image_fulltext_caption":""}', '{"0":"{\\"0\\":\\"{\\\\\\"0\\\\\\":\\\\\\"{\\\\\\\\\\\\\\"urla\\\\\\\\\\\\\\":\\\\\\\\\\\\\\"\\\\\\\\\\\\\\"}\\\\\\"}\\"}"}', 2, '*', 1, '2018-03-28 07:23:44', '2018-03-28 07:23:44');

CREATE TABLE IF NOT EXISTS `jos_template_styles` (
  `id` int(10) unsigned NOT NULL AUTO_INCREMENT,
  `template` varchar(50) COLLATE utf8mb4_unicode_ci NOT NULL DEFAULT '',
  `client_id` tinyint(1) unsigned NOT NULL DEFAULT '0',
  `home` char(7) COLLATE utf8mb4_unicode_ci NOT NULL DEFAULT '0',
  `title` varchar(255) COLLATE utf8mb4_unicode_ci NOT NULL DEFAULT '',
  `params` mediumtext COLLATE utf8mb4_unicode_ci NOT NULL,
  PRIMARY KEY (`id`),
  KEY `idx_template` (`template`),
  KEY `idx_home` (`home`)
) ENGINE=InnoDB  DEFAULT CHARSET=utf8mb4 COLLATE=utf8mb4_unicode_ci AUTO_INCREMENT=18 ;

INSERT INTO `jos_template_styles` (`id`, `template`, `client_id`, `home`, `title`, `params`) VALUES
(4, 'beez3', 0, '0', 'Beez3 - Default', '{"wrapperSmall":"53","wrapperLarge":"72","logo":"images\\/joomla_black.gif","sitetitle":"Joomla!","sitedescription":"Open Source Content Management","navposition":"left","templatecolor":"personal","html5":"0"}'),
(5, 'hathor', 1, '0', 'Hathor - Default', '{"showSiteName":"0","colourChoice":"","boldText":"0"}'),
(7, 'protostar', 0, '0', 'protostar - Default', '{"templateColor":"","logoFile":"","googleFont":"1","googleFontName":"Open+Sans","fluidContainer":"0"}'),
(8, 'isis', 1, '1', 'isis - Default', '{"templateColor":"","logoFile":""}'),
(14, 'theme3573', 0, '1', 'theme3573 - Default', '{"header_logo_width":"4","mainmenu_width":"8","enable_footer_logo":"0","footer_logo_width":"12","footer_logoimage":"","footer_title":"","footer_slogan":"","footer_logo_aftertext":"","page-loader":"1","privacyLink":"0","privacy_link_menu":"176","privacy_link_title":"Privacy policy","asideLeftWidth":"3","asideRightWidth":"3","top_layout":"normal","header_layout":"normal","map_layout":"normal","breadcrumbs_layout":"normal","position-1_layout":"normal","position-2_layout":"normal","position-3_layout":"normal","position-4_layout":"normal","position-5_layout":"normal","position-6_layout":"normal","position-7_layout":"normal","position-8_layout":"normal","position-9_layout":"normal","position-10_layout":"normal","position-11_layout":"normal","position-12_layout":"normal","position-13_layout":"normal","position-14_layout":"normal","position-15_layout":"normal","footer_layout":"normal","footer-1_layout":"normal","footer-2_layout":"normal","footer-3_layout":"normal","footer-4_layout":"normal","featuredPageHeading":"h1","featuredItemHeading":"h5","categoryPageHeading":"h1","categoryItemHeading":"h5","blogPageHeading":"h1","blogItemHeading":"h5","itemItemHeading":"h1","itemBlogItemHeading":"h5","totop":"1","totop_text":"","todesktop":"1","todesktop_text":"Back to desktop version","tomobile_text":"Back to mobile version","blackandwhite":"0","invertHoverEffect":"1","fadeIn":"500","fadeOut":"500","countdown_time":"","color_scheme":"","t3_template":"1","devmode":"0","themermode":"1","legacy_css":"0","responsive":"1","non_responsive_width":"970px","build_rtl":"0","t3-assets":"t3-assets","t3-rmvlogo":"0","minify":"0","minify_js":"0","minify_js_tool":"jsmin","minify_exclude":null,"link_titles":null,"logotype":"text","sitename":"","slogan":"","logoimage":"","enable_logoimage_sm":"0","logoimage_sm":"","mainlayout":"default","sublayout":"","mm_type":"main-menu","navigation_trigger":"hover","navigation_type":"megamenu","navigation_animation":"fading","navigation_animation_duration":"400","mm_config":"{\\"main-menu\\":{\\"item-101\\":{\\"alignsub\\":\\"left\\"},\\"item-335\\":{\\"sub\\":{\\"rows\\":[[{\\"item\\":138,\\"width\\":12}]]},\\"alignsub\\":\\"right\\"},\\"item-426\\":{\\"sub\\":{\\"rows\\":[[{\\"item\\":336,\\"width\\":12}]]},\\"alignsub\\":\\"right\\"}}}","navigation_collapse_enable":"1","addon_offcanvas_enable":"0","addon_offcanvas_effect":"off-canvas-effect-4","snippet_open_head":null,"snippet_close_head":null,"snippet_open_body":null,"snippet_close_body":null,"snippet_debug":"0"}'),
(15, 'theme3573', 0, '0', 'theme3573 - Home', '{"header_logo_width":"4","mainmenu_width":"8","enable_footer_logo":"0","footer_logo_width":"12","footer_logoimage":"","footer_title":"","footer_slogan":"","footer_logo_aftertext":"","page-loader":"1","privacyLink":"0","privacy_link_menu":"176","privacy_link_title":"Privacy Policy","asideLeftWidth":"3","asideRightWidth":"3","top_layout":"normal","header_layout":"normal","map_layout":"normal","breadcrumbs_layout":"normal","position-1_layout":"normal","position-2_layout":"normal","position-3_layout":"normal","position-4_layout":"normal","position-5_layout":"normal","position-6_layout":"normal","position-7_layout":"normal","position-8_layout":"normal","position-9_layout":"normal","position-10_layout":"normal","position-11_layout":"normal","position-12_layout":"normal","position-13_layout":"normal","position-14_layout":"normal","position-15_layout":"normal","footer_layout":"normal","footer-1_layout":"normal","footer-2_layout":"normal","footer-3_layout":"normal","footer-4_layout":"normal","featuredPageHeading":"h1","featuredItemHeading":"h5","categoryPageHeading":"h1","categoryItemHeading":"h5","blogPageHeading":"h1","blogItemHeading":"h5","itemItemHeading":"h1","itemBlogItemHeading":"h5","totop":"1","totop_text":"","todesktop":"1","todesktop_text":"Back to desktop version","tomobile_text":"Back to mobile version","blackandwhite":"0","invertHoverEffect":"1","fadeIn":"500","fadeOut":"500","countdown_time":"2017-06-08 13:38:03","color_scheme":"","t3_template":"1","devmode":"0","themermode":"1","legacy_css":"0","responsive":"1","non_responsive_width":"970px","build_rtl":"0","t3-assets":"t3-assets","t3-rmvlogo":"0","minify":"0","minify_js":"0","minify_js_tool":"jsmin","minify_exclude":null,"link_titles":null,"logotype":"text","sitename":"","slogan":"","logoimage":"","enable_logoimage_sm":"0","logoimage_sm":"","mainlayout":"default","sublayout":"","mm_type":"main-menu","navigation_trigger":"hover","navigation_type":"megamenu","navigation_animation":"fading","navigation_animation_duration":"400","mm_config":"{\\"main-menu\\":{\\"item-101\\":{\\"alignsub\\":\\"left\\"},\\"item-335\\":{\\"sub\\":{\\"rows\\":[[{\\"item\\":138,\\"width\\":12}]]},\\"alignsub\\":\\"right\\"},\\"item-426\\":{\\"sub\\":{\\"rows\\":[[{\\"item\\":336,\\"width\\":12}]]},\\"alignsub\\":\\"right\\"}}}","navigation_collapse_enable":"1","addon_offcanvas_enable":"0","addon_offcanvas_effect":"off-canvas-effect-4","snippet_open_head":null,"snippet_close_head":null,"snippet_open_body":null,"snippet_close_body":null,"snippet_debug":"0"}'),
(16, 'theme3573', 0, '0', 'theme3573 - Careers', '{"header_logo_width":"4","mainmenu_width":"8","enable_footer_logo":"0","footer_logo_width":"12","footer_logoimage":"","footer_title":"","footer_slogan":"","footer_logo_aftertext":"","page-loader":"1","privacyLink":"0","privacy_link_menu":"176","privacy_link_title":"Privacy policy","asideLeftWidth":"3","asideRightWidth":"5","top_layout":"normal","header_layout":"normal","map_layout":"normal","breadcrumbs_layout":"normal","position-1_layout":"normal","position-2_layout":"normal","position-3_layout":"normal","position-4_layout":"normal","position-5_layout":"normal","position-6_layout":"normal","position-7_layout":"normal","position-8_layout":"normal","position-9_layout":"normal","position-10_layout":"normal","position-11_layout":"normal","position-12_layout":"normal","position-13_layout":"normal","position-14_layout":"normal","position-15_layout":"normal","footer_layout":"normal","footer-1_layout":"normal","footer-2_layout":"normal","footer-3_layout":"normal","footer-4_layout":"normal","featuredPageHeading":"h1","featuredItemHeading":"h5","categoryPageHeading":"h1","categoryItemHeading":"h5","blogPageHeading":"h1","blogItemHeading":"h5","itemItemHeading":"h1","itemBlogItemHeading":"h5","totop":"1","totop_text":"","todesktop":"1","todesktop_text":"Back to desktop version","tomobile_text":"Back to mobile version","blackandwhite":"0","invertHoverEffect":"1","fadeIn":"500","fadeOut":"500","countdown_time":"","color_scheme":"","t3_template":"1","devmode":"0","themermode":"1","legacy_css":"0","responsive":"1","non_responsive_width":"970px","build_rtl":"0","t3-assets":"t3-assets","t3-rmvlogo":"0","minify":"0","minify_js":"0","minify_js_tool":"jsmin","minify_exclude":null,"link_titles":null,"logotype":"text","sitename":"","slogan":"","logoimage":"","enable_logoimage_sm":"0","logoimage_sm":"","mainlayout":"default","sublayout":"","mm_type":"main-menu","navigation_trigger":"hover","navigation_type":"megamenu","navigation_animation":"fading","navigation_animation_duration":"400","mm_config":"{\\"main-menu\\":{\\"item-101\\":{\\"alignsub\\":\\"left\\"},\\"item-335\\":{\\"sub\\":{\\"rows\\":[[{\\"item\\":138,\\"width\\":12}]]},\\"alignsub\\":\\"right\\"},\\"item-426\\":{\\"sub\\":{\\"rows\\":[[{\\"item\\":336,\\"width\\":12}]]},\\"alignsub\\":\\"right\\"}}}","navigation_collapse_enable":"1","addon_offcanvas_enable":"0","addon_offcanvas_effect":"off-canvas-effect-4","snippet_open_head":null,"snippet_close_head":null,"snippet_open_body":null,"snippet_close_body":null,"snippet_debug":"0"}'),
(17, 'theme3573', 0, '0', 'theme3573 - About', '{"header_logo_width":"4","mainmenu_width":"8","enable_footer_logo":"0","footer_logo_width":"12","footer_logoimage":"","footer_title":"","footer_slogan":"","footer_logo_aftertext":"","page-loader":"1","privacyLink":"0","privacy_link_menu":"176","privacy_link_title":"Privacy policy","asideLeftWidth":"3","asideRightWidth":"6","top_layout":"normal","header_layout":"normal","map_layout":"normal","breadcrumbs_layout":"normal","position-1_layout":"normal","position-2_layout":"normal","position-3_layout":"normal","position-4_layout":"normal","position-5_layout":"normal","position-6_layout":"normal","position-7_layout":"normal","position-8_layout":"normal","position-9_layout":"normal","position-10_layout":"normal","position-11_layout":"normal","position-12_layout":"normal","position-13_layout":"normal","position-14_layout":"normal","position-15_layout":"normal","footer_layout":"normal","footer-1_layout":"normal","footer-2_layout":"normal","footer-3_layout":"normal","footer-4_layout":"normal","featuredPageHeading":"h1","featuredItemHeading":"h5","categoryPageHeading":"h1","categoryItemHeading":"h5","blogPageHeading":"h1","blogItemHeading":"h5","itemItemHeading":"h1","itemBlogItemHeading":"h5","totop":"1","totop_text":"","todesktop":"1","todesktop_text":"Back to desktop version","tomobile_text":"Back to mobile version","blackandwhite":"0","invertHoverEffect":"1","fadeIn":"500","fadeOut":"500","countdown_time":"","color_scheme":"","t3_template":"1","devmode":"0","themermode":"1","legacy_css":"0","responsive":"1","non_responsive_width":"970px","build_rtl":"0","t3-assets":"t3-assets","t3-rmvlogo":"0","minify":"0","minify_js":"0","minify_js_tool":"jsmin","minify_exclude":"","link_titles":"","logotype":"text","sitename":"","slogan":"","logoimage":"","enable_logoimage_sm":"0","logoimage_sm":"","mainlayout":"default","sublayout":"","mm_type":"main-menu","navigation_trigger":"hover","navigation_type":"megamenu","navigation_animation":"fading","navigation_animation_duration":"400","mm_config":"{\\"main-menu\\":{\\"item-101\\":{\\"alignsub\\":\\"left\\"},\\"item-335\\":{\\"sub\\":{\\"rows\\":[[{\\"item\\":138,\\"width\\":12}]]},\\"alignsub\\":\\"right\\"},\\"item-426\\":{\\"sub\\":{\\"rows\\":[[{\\"item\\":336,\\"width\\":12}]]},\\"alignsub\\":\\"right\\"}}}","navigation_collapse_enable":"1","addon_offcanvas_enable":"0","addon_offcanvas_effect":"off-canvas-effect-4","snippet_open_head":"","snippet_close_head":"","snippet_open_body":"","snippet_close_body":"","snippet_debug":"0"}');

CREATE TABLE IF NOT EXISTS `jos_ucm_base` (
  `ucm_id` int(10) unsigned NOT NULL,
  `ucm_item_id` int(10) NOT NULL,
  `ucm_type_id` int(11) NOT NULL,
  `ucm_language_id` int(11) NOT NULL,
  PRIMARY KEY (`ucm_id`),
  KEY `idx_ucm_item_id` (`ucm_item_id`),
  KEY `idx_ucm_type_id` (`ucm_type_id`),
  KEY `idx_ucm_language_id` (`ucm_language_id`)
) ENGINE=InnoDB DEFAULT CHARSET=utf8mb4 COLLATE=utf8mb4_unicode_ci;

INSERT INTO `jos_ucm_base` (`ucm_id`, `ucm_item_id`, `ucm_type_id`, `ucm_language_id`) VALUES
(1, 11, 1, 0),
(4, 13, 1, 0),
(5, 12, 1, 0),
(6, 14, 1, 0),
(8, 15, 1, 0),
(9, 118, 1, 0),
(10, 119, 1, 0),
(11, 120, 1, 0);

CREATE TABLE IF NOT EXISTS `jos_ucm_content` (
  `core_content_id` int(10) unsigned NOT NULL AUTO_INCREMENT,
  `core_type_alias` varchar(400) COLLATE utf8mb4_unicode_ci NOT NULL DEFAULT '' COMMENT 'FK to the content types table',
  `core_title` varchar(400) COLLATE utf8mb4_unicode_ci NOT NULL,
  `core_alias` varchar(400) CHARACTER SET utf8mb4 COLLATE utf8mb4_bin NOT NULL DEFAULT '',
  `core_body` longtext COLLATE utf8mb4_unicode_ci NOT NULL,
  `core_state` tinyint(1) NOT NULL DEFAULT '0',
  `core_checked_out_time` varchar(255) COLLATE utf8mb4_unicode_ci NOT NULL DEFAULT '',
  `core_checked_out_user_id` int(10) unsigned NOT NULL DEFAULT '0',
  `core_access` int(10) unsigned NOT NULL DEFAULT '0',
  `core_params` mediumtext COLLATE utf8mb4_unicode_ci NOT NULL,
  `core_featured` tinyint(4) unsigned NOT NULL DEFAULT '0',
  `core_metadata` varchar(2048) COLLATE utf8mb4_unicode_ci NOT NULL COMMENT 'JSON encoded metadata properties.',
  `core_created_user_id` int(10) unsigned NOT NULL DEFAULT '0',
  `core_created_by_alias` varchar(255) COLLATE utf8mb4_unicode_ci NOT NULL DEFAULT '',
  `core_created_time` datetime NOT NULL DEFAULT '0000-00-00 00:00:00',
  `core_modified_user_id` int(10) unsigned NOT NULL DEFAULT '0' COMMENT 'Most recent user that modified',
  `core_modified_time` datetime NOT NULL DEFAULT '0000-00-00 00:00:00',
  `core_language` char(7) COLLATE utf8mb4_unicode_ci NOT NULL,
  `core_publish_up` datetime NOT NULL,
  `core_publish_down` datetime NOT NULL,
  `core_content_item_id` int(10) unsigned DEFAULT NULL COMMENT 'ID from the individual type table',
  `asset_id` int(10) unsigned DEFAULT NULL COMMENT 'FK to the #__assets table.',
  `core_images` mediumtext COLLATE utf8mb4_unicode_ci NOT NULL,
  `core_urls` mediumtext COLLATE utf8mb4_unicode_ci NOT NULL,
  `core_hits` int(10) unsigned NOT NULL DEFAULT '0',
  `core_version` int(10) unsigned NOT NULL DEFAULT '1',
  `core_ordering` int(11) NOT NULL DEFAULT '0',
  `core_metakey` mediumtext COLLATE utf8mb4_unicode_ci NOT NULL,
  `core_metadesc` mediumtext COLLATE utf8mb4_unicode_ci NOT NULL,
  `core_catid` int(10) unsigned NOT NULL DEFAULT '0',
  `core_xreference` varchar(50) COLLATE utf8mb4_unicode_ci NOT NULL COMMENT 'A reference to enable linkages to external data sets.',
  `core_type_id` int(10) unsigned DEFAULT NULL,
  PRIMARY KEY (`core_content_id`),
  KEY `tag_idx` (`core_state`,`core_access`),
  KEY `idx_access` (`core_access`),
  KEY `idx_language` (`core_language`),
  KEY `idx_modified_time` (`core_modified_time`),
  KEY `idx_created_time` (`core_created_time`),
  KEY `idx_core_modified_user_id` (`core_modified_user_id`),
  KEY `idx_core_checked_out_user_id` (`core_checked_out_user_id`),
  KEY `idx_core_created_user_id` (`core_created_user_id`),
  KEY `idx_core_type_id` (`core_type_id`),
  KEY `idx_alias` (`core_alias`(100)),
  KEY `idx_title` (`core_title`(100)),
  KEY `idx_content_type` (`core_type_alias`(100))
) ENGINE=InnoDB  DEFAULT CHARSET=utf8mb4 COLLATE=utf8mb4_unicode_ci COMMENT='Contains core content data in name spaced fields' AUTO_INCREMENT=12 ;

INSERT INTO `jos_ucm_content` (`core_content_id`, `core_type_alias`, `core_title`, `core_alias`, `core_body`, `core_state`, `core_checked_out_time`, `core_checked_out_user_id`, `core_access`, `core_params`, `core_featured`, `core_metadata`, `core_created_user_id`, `core_created_by_alias`, `core_created_time`, `core_modified_user_id`, `core_modified_time`, `core_language`, `core_publish_up`, `core_publish_down`, `core_content_item_id`, `asset_id`, `core_images`, `core_urls`, `core_hits`, `core_version`, `core_ordering`, `core_metakey`, `core_metadesc`, `core_catid`, `core_xreference`, `core_type_id`) VALUES
(1, 'com_content.article', 'Children''s Book Exhibition', 'anniversary-showcase-of-fox-tv-shows-and-movies', '<p>In this article, you will find out about the Children''s Book Exhibition - an annual event that gathers the world''s most famous authors of infantile and teenage literature.</p>\r\n', 1, '', 0, 1, '{"article_layout":"theme3573:blog","show_title":"","link_titles":"","show_tags":"","show_intro":"","info_block_position":"","info_block_show_title":"","show_category":"","link_category":"","show_parent_category":"","link_parent_category":"","show_associations":"","show_author":"","link_author":"","show_create_date":"","show_modify_date":"","show_publish_date":"","show_item_navigation":"","show_icons":"","show_print_icon":"","show_email_icon":"","show_vote":"","show_hits":"","show_noauth":"","urls_position":"","alternative_readmore":"","article_page_title":"","show_publishing_options":"","show_article_options":"","show_urls_images_backend":"","show_urls_images_frontend":""}', 0, '{"robots":"","author":"","rights":"","xreference":""}', 615, '', '2018-03-28 07:23:44', 615, '2018-03-28 07:23:44', '*', '2018-03-28 07:23:44', '0000-00-00 00:00:00', 11, 719, '{"image_intro":"images\\/blog\\/blog-thumb8.jpg","float_intro":"","image_intro_alt":"","image_intro_caption":"","image_fulltext":"images\\/blog\\/blog-img8.jpg","float_fulltext":"none","image_fulltext_alt":"","image_fulltext_caption":""}', '{"urla":false,"urlatext":"","targeta":"","urlb":false,"urlbtext":"","targetb":"","urlc":false,"urlctext":"","targetc":""}', 512, 54, 1, '', '', 48, '', 1),
(4, 'com_content.article', 'Improving your confidence and self-defense skills', 'improving-your-confidence-and-self-defense-skills', '<p>Today we would like to touch the topic which is gaining popularity among employees of big and small companies as well as students, teachers and other strata of the population.</p>\r\n', 1, '', 0, 1, '{"article_layout":"","show_title":"","link_titles":"","show_tags":"","show_intro":"","info_block_position":"","info_block_show_title":"","show_category":"","link_category":"","show_parent_category":"","link_parent_category":"","show_associations":"","show_author":"","link_author":"","show_create_date":"","show_modify_date":"","show_publish_date":"","show_item_navigation":"","show_icons":"","show_print_icon":"","show_email_icon":"","show_vote":"","show_hits":"","show_noauth":"","urls_position":"","alternative_readmore":"","article_page_title":"","show_publishing_options":"","show_article_options":"","show_urls_images_backend":"","show_urls_images_frontend":""}', 0, '{"robots":"","author":"","rights":"","xreference":""}', 615, '', '2018-03-28 07:23:44', 615, '2018-03-28 07:23:44', '*', '2018-03-28 07:23:44', '0000-00-00 00:00:00', 13, 775, '{"image_intro":"images\\/blog\\/blog-thumb6.jpg","float_intro":"none","image_intro_alt":"","image_intro_caption":"","image_fulltext":"images\\/blog\\/blog-img6.jpg","float_fulltext":"none","image_fulltext_alt":"","image_fulltext_caption":""}', '{"urla":false,"urlatext":"","targeta":"","urlb":false,"urlbtext":"","targetb":"","urlc":false,"urlctext":"","targetc":""}', 14, 24, 0, '', '', 15, '', 1),
(5, 'com_content.article', 'Participate in discussion of an important topic', 'participate-in-discussion-of-an-important-topic', '<p>Are you a journalist or a creative personality? Do you want to share information with the world? Then our new project will be perfect for you to express your ideas and concepts.</p>\r\n', 1, '', 0, 1, '{"article_layout":"","show_title":"","link_titles":"","show_tags":"","show_intro":"","info_block_position":"","info_block_show_title":"","show_category":"","link_category":"","show_parent_category":"","link_parent_category":"","show_associations":"","show_author":"","link_author":"","show_create_date":"","show_modify_date":"","show_publish_date":"","show_item_navigation":"","show_icons":"","show_print_icon":"","show_email_icon":"","show_vote":"","show_hits":"","show_noauth":"","urls_position":"","alternative_readmore":"","article_page_title":"","show_publishing_options":"","show_article_options":"","show_urls_images_backend":"","show_urls_images_frontend":""}', 0, '{"robots":"","author":"","rights":"","xreference":""}', 615, '', '2018-03-28 07:23:44', 615, '2018-03-28 07:23:44', '*', '2018-03-28 07:23:44', '0000-00-00 00:00:00', 12, 776, '{"image_intro":"images\\/blog\\/blog-thumb7.jpg","float_intro":"none","image_intro_alt":"","image_intro_caption":"","image_fulltext":"images\\/blog\\/blog-img7.jpg","float_fulltext":"none","image_fulltext_alt":"","image_fulltext_caption":""}', '{"urla":false,"urlatext":"","targeta":"","urlb":false,"urlbtext":"","targetb":"","urlc":false,"urlctext":"","targetc":""}', 13, 33, 0, '', '', 14, '', 1),
(6, 'com_content.article', 'James R. Bernard is going to visit Los Angeles this spring', 'james-r-bernard-is-going-to-visit-los-angeles-this-spring', '<p>James Richard Bernard, the genius of contemporary art, is visiting Los Angeles with his new exhibition at LA Art Center on March, 30. The exhibition is called "The Evolving World", and introduces an absolutely new vision of the modern world including various spheres of our life - social, political, economical, cultural etc. This event will also feature the showcase of artworks by Bernard''s colleagues and apprentices who form The American School of Contemporary Art.</p>\r\n', 1, '', 0, 1, '{"article_layout":"","show_title":"","link_titles":"","show_tags":"","show_intro":"","info_block_position":"","info_block_show_title":"","show_category":"","link_category":"","show_parent_category":"","link_parent_category":"","show_associations":"","show_author":"","link_author":"","show_create_date":"","show_modify_date":"","show_publish_date":"","show_item_navigation":"","show_icons":"","show_print_icon":"","show_email_icon":"","show_vote":"","show_hits":"","show_noauth":"","urls_position":"","alternative_readmore":"","article_page_title":"","show_publishing_options":"","show_article_options":"","show_urls_images_backend":"","show_urls_images_frontend":""}', 0, '{"robots":"","author":"","rights":"","xreference":""}', 615, '', '2018-03-28 07:23:44', 615, '2018-03-28 07:23:44', '*', '2018-03-28 07:23:44', '0000-00-00 00:00:00', 14, 774, '{"image_intro":"images\\/blog\\/blog-thumb5.jpg","float_intro":"none","image_intro_alt":"","image_intro_caption":"","image_fulltext":"images\\/blog\\/blog-img5.jpg","float_fulltext":"none","image_fulltext_alt":"","image_fulltext_caption":""}', '{"urla":false,"urlatext":"","targeta":"","urlb":false,"urlbtext":"","targetb":"","urlc":false,"urlctext":"","targetc":""}', 9, 28, 0, '', '', 49, '', 1),
(8, 'com_content.article', 'Music is now officially proved to have influence on us', 'music-is-now-officially-proved-to-have-influence-on-us', '<p>During our latest visit, the scientists of the Seattle Scientific Company laboratory have unveiled some information about their current project, and today we can share the results of their research with you.</p>\r\n', 1, '', 0, 1, '{"article_layout":"theme3573:blog","show_title":"","link_titles":"","show_tags":"","show_intro":"","info_block_position":"","info_block_show_title":"","show_category":"","link_category":"","show_parent_category":"","link_parent_category":"","show_associations":"","show_author":"","link_author":"","show_create_date":"","show_modify_date":"","show_publish_date":"","show_item_navigation":"","show_icons":"","show_print_icon":"","show_email_icon":"","show_vote":"","show_hits":"","show_noauth":"","urls_position":"","alternative_readmore":"","article_page_title":"","show_publishing_options":"","show_article_options":"","show_urls_images_backend":"","show_urls_images_frontend":""}', 0, '{"robots":"","author":"","rights":"","xreference":""}', 615, '', '2018-03-28 07:23:44', 615, '2018-03-28 07:23:44', '*', '2018-03-28 07:23:44', '0000-00-00 00:00:00', 15, 718, '{"image_intro":"images\\/blog\\/blog-thumb4.jpg","float_intro":"none","image_intro_alt":"","image_intro_caption":"","image_fulltext":"images\\/blog\\/blog-img4.jpg","float_fulltext":"none","image_fulltext_alt":"","image_fulltext_caption":""}', '{"urla":false,"urlatext":"","targeta":"","urlb":false,"urlbtext":"","targetb":"","urlc":false,"urlctext":"","targetc":""}', 10, 29, 0, '', '', 51, '', 1),
(9, 'com_content.article', 'Things I’ve Learned about Investing and Business', 'things-i-ve-learned-about-investing-and-business', '<p>The North American Auto Show, one of the most important annual events that influence the international automotive industry and exhibits its main achievements, is eventually confirmed to take place in Chicago, IL. Located on the southwestern coast of Lake Michigan, this city will host representatives of vehicle manufacturers from all over the world. They include American companies (Ford, General Motors), European (Alfa Romeo, Lotus, BMW, FIAT, Seat) as well as Japanese ones and many others.</p>\r\n', 1, '', 0, 1, '{"article_layout":"","show_title":"","link_titles":"","show_tags":"","show_intro":"","info_block_position":"","info_block_show_title":"","show_category":"","link_category":"","show_parent_category":"","link_parent_category":"","show_associations":"","show_author":"","link_author":"","show_create_date":"","show_modify_date":"","show_publish_date":"","show_item_navigation":"","show_icons":"","show_print_icon":"","show_email_icon":"","show_vote":"","show_hits":"","show_noauth":"","urls_position":"","alternative_readmore":"","article_page_title":"","show_publishing_options":"","show_article_options":"","show_urls_images_backend":"","show_urls_images_frontend":""}', 0, '{"robots":"","author":"","rights":"","xreference":""}', 615, '', '2018-03-28 07:23:44', 615, '2018-03-28 07:23:44', '*', '2018-03-28 07:23:44', '0000-00-00 00:00:00', 118, 697, '{"image_intro":"images\\/blog\\/blog-thumb1.jpg","float_intro":"none","image_intro_alt":"","image_intro_caption":"","image_fulltext":"images\\/blog\\/blog-img1.jpg","float_fulltext":"none","image_fulltext_alt":"","image_fulltext_caption":""}', '{"urla":false,"urlatext":"","targeta":"","urlb":false,"urlbtext":"","targetb":"","urlc":false,"urlctext":"","targetc":""}', 365, 56, 1, '', '', 52, '', 1),
(10, 'com_content.article', 'LinkedIn Stock Downgraded After Microsoft Deal ', 'linkedin-stock-downgraded-after-microsoft-deal', '<p>Fox TV Channel is showcasing the most successful series and full-length films of 20th Century Fox this month in all American cinemas with wide promotional campaign of their upcoming projects.</p>\r\n', 1, '', 0, 1, '{"article_layout":"","show_title":"","link_titles":"","show_tags":"","show_intro":"","info_block_position":"","info_block_show_title":"","show_category":"","link_category":"","show_parent_category":"","link_parent_category":"","show_associations":"","show_author":"","link_author":"","show_create_date":"","show_modify_date":"","show_publish_date":"","show_item_navigation":"","show_icons":"","show_print_icon":"","show_email_icon":"","show_vote":"","show_hits":"","show_noauth":"","urls_position":"","alternative_readmore":"","article_page_title":"","show_publishing_options":"","show_article_options":"","show_urls_images_backend":"","show_urls_images_frontend":""}', 0, '{"robots":"","author":"","rights":"","xreference":""}', 615, '', '2018-03-28 07:23:44', 615, '2018-03-28 07:23:44', '*', '2018-03-28 07:23:44', '0000-00-00 00:00:00', 119, 698, '{"image_intro":"images\\/blog\\/blog-thumb2.jpg","float_intro":"none","image_intro_alt":"","image_intro_caption":"","image_fulltext":"images\\/blog\\/blog-img2.jpg","float_fulltext":"none","image_fulltext_alt":"","image_fulltext_caption":""}', '{"urla":false,"urlatext":"","targeta":"","urlb":false,"urlbtext":"","targetb":"","urlc":false,"urlctext":"","targetc":""}', 24, 31, 0, '', '', 53, '', 1),
(11, 'com_content.article', 'London SE in Frankfurt?', 'london-se-in-frankfurt', '<p>Recently our partner, Jerry Conrad Lewis has revealed some of his own global plans alongside with a new set of social measures, designed to improve the world we live in.</p>\r\n', 1, '', 0, 1, '{"article_layout":"","show_title":"","link_titles":"","show_tags":"","show_intro":"","info_block_position":"","info_block_show_title":"","show_category":"","link_category":"","show_parent_category":"","link_parent_category":"","show_associations":"","show_author":"","link_author":"","show_create_date":"","show_modify_date":"","show_publish_date":"","show_item_navigation":"","show_icons":"","show_print_icon":"","show_email_icon":"","show_vote":"","show_hits":"","show_noauth":"","urls_position":"","alternative_readmore":"","article_page_title":"","show_publishing_options":"","show_article_options":"","show_urls_images_backend":"","show_urls_images_frontend":""}', 0, '{"robots":"","author":"","rights":"","xreference":""}', 615, '', '2018-03-28 07:23:44', 615, '2018-03-28 07:23:44', '*', '2018-03-28 07:23:44', '0000-00-00 00:00:00', 120, 699, '{"image_intro":"images\\/blog\\/blog-thumb3.jpg","float_intro":"none","image_intro_alt":"","image_intro_caption":"","image_fulltext":"images\\/blog\\/blog-img3.jpg","float_fulltext":"none","image_fulltext_alt":"","image_fulltext_caption":""}', '{"urla":false,"urlatext":"","targeta":"","urlb":false,"urlbtext":"","targetb":"","urlc":false,"urlctext":"","targetc":""}', 24, 38, 0, '', '', 54, '', 1);

CREATE TABLE IF NOT EXISTS `jos_ucm_history` (
  `version_id` int(10) unsigned NOT NULL AUTO_INCREMENT,
  `ucm_item_id` int(10) unsigned NOT NULL,
  `ucm_type_id` int(10) unsigned NOT NULL,
  `version_note` varchar(255) COLLATE utf8mb4_unicode_ci NOT NULL DEFAULT '' COMMENT 'Optional version name',
  `save_date` datetime NOT NULL DEFAULT '0000-00-00 00:00:00',
  `editor_user_id` int(10) unsigned NOT NULL DEFAULT '0',
  `character_count` int(10) unsigned NOT NULL DEFAULT '0' COMMENT 'Number of characters in this version.',
  `sha1_hash` varchar(50) COLLATE utf8mb4_unicode_ci NOT NULL DEFAULT '' COMMENT 'SHA1 hash of the version_data column.',
  `version_data` longtext COLLATE utf8mb4_unicode_ci NOT NULL COMMENT 'json-encoded string of version data',
  `keep_forever` tinyint(4) NOT NULL DEFAULT '0' COMMENT '0=auto delete; 1=keep',
  PRIMARY KEY (`version_id`),
  KEY `idx_ucm_item_id` (`ucm_type_id`,`ucm_item_id`),
  KEY `idx_save_date` (`save_date`)
) ENGINE=InnoDB DEFAULT CHARSET=utf8mb4 COLLATE=utf8mb4_unicode_ci AUTO_INCREMENT=1 ;

CREATE TABLE IF NOT EXISTS `jos_updates` (
  `update_id` int(11) NOT NULL AUTO_INCREMENT,
  `update_site_id` int(11) DEFAULT '0',
  `extension_id` int(11) DEFAULT '0',
  `name` varchar(100) COLLATE utf8mb4_unicode_ci DEFAULT '',
  `description` mediumtext COLLATE utf8mb4_unicode_ci NOT NULL,
  `element` varchar(100) COLLATE utf8mb4_unicode_ci DEFAULT '',
  `type` varchar(20) COLLATE utf8mb4_unicode_ci DEFAULT '',
  `folder` varchar(20) COLLATE utf8mb4_unicode_ci DEFAULT '',
  `client_id` tinyint(3) DEFAULT '0',
  `version` varchar(32) COLLATE utf8mb4_unicode_ci DEFAULT '',
  `data` mediumtext COLLATE utf8mb4_unicode_ci NOT NULL,
  `detailsurl` mediumtext COLLATE utf8mb4_unicode_ci NOT NULL,
  `infourl` mediumtext COLLATE utf8mb4_unicode_ci NOT NULL,
  `extra_query` varchar(1000) COLLATE utf8mb4_unicode_ci DEFAULT '',
  PRIMARY KEY (`update_id`)
) ENGINE=InnoDB  DEFAULT CHARSET=utf8mb4 COLLATE=utf8mb4_unicode_ci COMMENT='Available Updates' AUTO_INCREMENT=83 ;

INSERT INTO `jos_updates` (`update_id`, `update_site_id`, `extension_id`, `name`, `description`, `element`, `type`, `folder`, `client_id`, `version`, `data`, `detailsurl`, `infourl`, `extra_query`) VALUES
(1, 24, 0, 'Armenian', '', 'pkg_hy-AM', 'package', '', 0, '3.4.4.1', '', 'https://update.joomla.org/language/details3/hy-AM_details.xml', '', ''),
(2, 24, 0, 'Malay', '', 'pkg_ms-MY', 'package', '', 0, '3.4.1.2', '', 'https://update.joomla.org/language/details3/ms-MY_details.xml', '', ''),
(3, 24, 0, 'Romanian', '', 'pkg_ro-RO', 'package', '', 0, '3.7.3.1', '', 'https://update.joomla.org/language/details3/ro-RO_details.xml', '', ''),
(4, 24, 0, 'Flemish', '', 'pkg_nl-BE', 'package', '', 0, '3.8.6.1', '', 'https://update.joomla.org/language/details3/nl-BE_details.xml', '', ''),
(5, 24, 0, 'Chinese Traditional', '', 'pkg_zh-TW', 'package', '', 0, '3.8.0.1', '', 'https://update.joomla.org/language/details3/zh-TW_details.xml', '', ''),
(6, 24, 0, 'French', '', 'pkg_fr-FR', 'package', '', 0, '3.8.6.1', '', 'https://update.joomla.org/language/details3/fr-FR_details.xml', '', ''),
(7, 24, 0, 'Galician', '', 'pkg_gl-ES', 'package', '', 0, '3.3.1.2', '', 'https://update.joomla.org/language/details3/gl-ES_details.xml', '', ''),
(8, 24, 0, 'Georgian', '', 'pkg_ka-GE', 'package', '', 0, '3.8.6.1', '', 'https://update.joomla.org/language/details3/ka-GE_details.xml', '', ''),
(9, 24, 0, 'Greek', '', 'pkg_el-GR', 'package', '', 0, '3.8.6.1', '', 'https://update.joomla.org/language/details3/el-GR_details.xml', '', ''),
(10, 24, 0, 'Japanese', '', 'pkg_ja-JP', 'package', '', 0, '3.8.6.2', '', 'https://update.joomla.org/language/details3/ja-JP_details.xml', '', ''),
(11, 24, 0, 'Hebrew', '', 'pkg_he-IL', 'package', '', 0, '3.1.1.2', '', 'https://update.joomla.org/language/details3/he-IL_details.xml', '', ''),
(12, 24, 0, 'Bengali', '', 'pkg_bn-BD', 'package', '', 0, '3.8.5.1', '', 'https://update.joomla.org/language/details3/bn-BD_details.xml', '', ''),
(13, 24, 0, 'Hungarian', '', 'pkg_hu-HU', 'package', '', 0, '3.8.4.1', '', 'https://update.joomla.org/language/details3/hu-HU_details.xml', '', ''),
(14, 24, 0, 'Afrikaans', '', 'pkg_af-ZA', 'package', '', 0, '3.8.4.1', '', 'https://update.joomla.org/language/details3/af-ZA_details.xml', '', ''),
(15, 24, 0, 'Arabic Unitag', '', 'pkg_ar-AA', 'package', '', 0, '3.7.5.1', '', 'https://update.joomla.org/language/details3/ar-AA_details.xml', '', ''),
(16, 24, 0, 'Belarusian', '', 'pkg_be-BY', 'package', '', 0, '3.2.1.2', '', 'https://update.joomla.org/language/details3/be-BY_details.xml', '', ''),
(17, 24, 0, 'Bulgarian', '', 'pkg_bg-BG', 'package', '', 0, '3.6.5.2', '', 'https://update.joomla.org/language/details3/bg-BG_details.xml', '', ''),
(18, 24, 0, 'Catalan', '', 'pkg_ca-ES', 'package', '', 0, '3.8.3.3', '', 'https://update.joomla.org/language/details3/ca-ES_details.xml', '', ''),
(19, 24, 0, 'Chinese Simplified', '', 'pkg_zh-CN', 'package', '', 0, '3.8.6.1', '', 'https://update.joomla.org/language/details3/zh-CN_details.xml', '', ''),
(20, 24, 0, 'Croatian', '', 'pkg_hr-HR', 'package', '', 0, '3.8.5.1', '', 'https://update.joomla.org/language/details3/hr-HR_details.xml', '', ''),
(21, 24, 0, 'Czech', '', 'pkg_cs-CZ', 'package', '', 0, '3.8.6.1', '', 'https://update.joomla.org/language/details3/cs-CZ_details.xml', '', ''),
(22, 24, 0, 'Danish', '', 'pkg_da-DK', 'package', '', 0, '3.8.6.1', '', 'https://update.joomla.org/language/details3/da-DK_details.xml', '', ''),
(23, 24, 0, 'Dutch', '', 'pkg_nl-NL', 'package', '', 0, '3.8.6.1', '', 'https://update.joomla.org/language/details3/nl-NL_details.xml', '', ''),
(24, 24, 0, 'Esperanto', '', 'pkg_eo-XX', 'package', '', 0, '3.8.3.1', '', 'https://update.joomla.org/language/details3/eo-XX_details.xml', '', ''),
(25, 24, 0, 'Estonian', '', 'pkg_et-EE', 'package', '', 0, '3.7.0.1', '', 'https://update.joomla.org/language/details3/et-EE_details.xml', '', ''),
(26, 24, 0, 'Italian', '', 'pkg_it-IT', 'package', '', 0, '3.8.6.1', '', 'https://update.joomla.org/language/details3/it-IT_details.xml', '', ''),
(27, 24, 0, 'Khmer', '', 'pkg_km-KH', 'package', '', 0, '3.4.5.1', '', 'https://update.joomla.org/language/details3/km-KH_details.xml', '', ''),
(28, 24, 0, 'Korean', '', 'pkg_ko-KR', 'package', '', 0, '3.8.6.1', '', 'https://update.joomla.org/language/details3/ko-KR_details.xml', '', ''),
(29, 24, 0, 'Latvian', '', 'pkg_lv-LV', 'package', '', 0, '3.7.3.1', '', 'https://update.joomla.org/language/details3/lv-LV_details.xml', '', ''),
(30, 24, 0, 'Macedonian', '', 'pkg_mk-MK', 'package', '', 0, '3.6.5.1', '', 'https://update.joomla.org/language/details3/mk-MK_details.xml', '', ''),
(31, 24, 0, 'Norwegian Bokmal', '', 'pkg_nb-NO', 'package', '', 0, '3.8.4.1', '', 'https://update.joomla.org/language/details3/nb-NO_details.xml', '', ''),
(32, 24, 0, 'Norwegian Nynorsk', '', 'pkg_nn-NO', 'package', '', 0, '3.4.2.1', '', 'https://update.joomla.org/language/details3/nn-NO_details.xml', '', ''),
(33, 24, 0, 'Persian', '', 'pkg_fa-IR', 'package', '', 0, '3.8.5.1', '', 'https://update.joomla.org/language/details3/fa-IR_details.xml', '', ''),
(34, 24, 0, 'Polish', '', 'pkg_pl-PL', 'package', '', 0, '3.8.6.1', '', 'https://update.joomla.org/language/details3/pl-PL_details.xml', '', ''),
(35, 24, 0, 'Portuguese', '', 'pkg_pt-PT', 'package', '', 0, '3.8.2.1', '', 'https://update.joomla.org/language/details3/pt-PT_details.xml', '', ''),
(36, 24, 0, 'Russian', '', 'pkg_ru-RU', 'package', '', 0, '3.8.2.1', '', 'https://update.joomla.org/language/details3/ru-RU_details.xml', '', ''),
(37, 24, 0, 'English AU', '', 'pkg_en-AU', 'package', '', 0, '3.8.6.1', '', 'https://update.joomla.org/language/details3/en-AU_details.xml', '', ''),
(38, 24, 0, 'Slovak', '', 'pkg_sk-SK', 'package', '', 0, '3.8.6.4', '', 'https://update.joomla.org/language/details3/sk-SK_details.xml', '', ''),
(39, 24, 0, 'English US', '', 'pkg_en-US', 'package', '', 0, '3.8.6.1', '', 'https://update.joomla.org/language/details3/en-US_details.xml', '', ''),
(40, 24, 0, 'Swedish', '', 'pkg_sv-SE', 'package', '', 0, '3.8.6.1', '', 'https://update.joomla.org/language/details3/sv-SE_details.xml', '', ''),
(41, 24, 0, 'Syriac', '', 'pkg_sy-IQ', 'package', '', 0, '3.4.5.1', '', 'https://update.joomla.org/language/details3/sy-IQ_details.xml', '', ''),
(42, 24, 0, 'Tamil', '', 'pkg_ta-IN', 'package', '', 0, '3.8.6.1', '', 'https://update.joomla.org/language/details3/ta-IN_details.xml', '', ''),
(43, 24, 0, 'Thai', '', 'pkg_th-TH', 'package', '', 0, '3.8.6.1', '', 'https://update.joomla.org/language/details3/th-TH_details.xml', '', ''),
(44, 24, 0, 'Turkish', '', 'pkg_tr-TR', 'package', '', 0, '3.8.2.1', '', 'https://update.joomla.org/language/details3/tr-TR_details.xml', '', ''),
(45, 24, 0, 'Ukrainian', '', 'pkg_uk-UA', 'package', '', 0, '3.7.1.1', '', 'https://update.joomla.org/language/details3/uk-UA_details.xml', '', ''),
(46, 24, 0, 'Uyghur', '', 'pkg_ug-CN', 'package', '', 0, '3.7.5.1', '', 'https://update.joomla.org/language/details3/ug-CN_details.xml', '', ''),
(47, 24, 0, 'Albanian', '', 'pkg_sq-AL', 'package', '', 0, '3.1.1.2', '', 'https://update.joomla.org/language/details3/sq-AL_details.xml', '', ''),
(48, 24, 0, 'Basque', '', 'pkg_eu-ES', 'package', '', 0, '3.7.5.1', '', 'https://update.joomla.org/language/details3/eu-ES_details.xml', '', ''),
(49, 24, 0, 'Hindi', '', 'pkg_hi-IN', 'package', '', 0, '3.3.6.2', '', 'https://update.joomla.org/language/details3/hi-IN_details.xml', '', ''),
(50, 24, 0, 'German DE', '', 'pkg_de-DE', 'package', '', 0, '3.8.6.1', '', 'https://update.joomla.org/language/details3/de-DE_details.xml', '', ''),
(51, 24, 0, 'Portuguese Brazil', '', 'pkg_pt-BR', 'package', '', 0, '3.8.6.1', '', 'https://update.joomla.org/language/details3/pt-BR_details.xml', '', ''),
(52, 24, 0, 'Serbian Latin', '', 'pkg_sr-YU', 'package', '', 0, '3.8.6.1', '', 'https://update.joomla.org/language/details3/sr-YU_details.xml', '', ''),
(53, 24, 0, 'Spanish', '', 'pkg_es-ES', 'package', '', 0, '3.8.6.1', '', 'https://update.joomla.org/language/details3/es-ES_details.xml', '', ''),
(54, 24, 0, 'Bosnian', '', 'pkg_bs-BA', 'package', '', 0, '3.8.6.1', '', 'https://update.joomla.org/language/details3/bs-BA_details.xml', '', ''),
(55, 24, 0, 'Serbian Cyrillic', '', 'pkg_sr-RS', 'package', '', 0, '3.8.6.1', '', 'https://update.joomla.org/language/details3/sr-RS_details.xml', '', ''),
(56, 24, 0, 'Vietnamese', '', 'pkg_vi-VN', 'package', '', 0, '3.2.1.2', '', 'https://update.joomla.org/language/details3/vi-VN_details.xml', '', ''),
(57, 24, 0, 'Bahasa Indonesia', '', 'pkg_id-ID', 'package', '', 0, '3.6.2.1', '', 'https://update.joomla.org/language/details3/id-ID_details.xml', '', ''),
(58, 24, 0, 'Finnish', '', 'pkg_fi-FI', 'package', '', 0, '3.8.1.1', '', 'https://update.joomla.org/language/details3/fi-FI_details.xml', '', ''),
(59, 24, 0, 'Swahili', '', 'pkg_sw-KE', 'package', '', 0, '3.7.0.1', '', 'https://update.joomla.org/language/details3/sw-KE_details.xml', '', ''),
(60, 24, 0, 'Montenegrin', '', 'pkg_srp-ME', 'package', '', 0, '3.3.1.2', '', 'https://update.joomla.org/language/details3/srp-ME_details.xml', '', ''),
(61, 24, 0, 'English CA', '', 'pkg_en-CA', 'package', '', 0, '3.8.6.1', '', 'https://update.joomla.org/language/details3/en-CA_details.xml', '', ''),
(62, 24, 0, 'French CA', '', 'pkg_fr-CA', 'package', '', 0, '3.6.5.1', '', 'https://update.joomla.org/language/details3/fr-CA_details.xml', '', ''),
(63, 24, 0, 'Welsh', '', 'pkg_cy-GB', 'package', '', 0, '3.8.5.1', '', 'https://update.joomla.org/language/details3/cy-GB_details.xml', '', ''),
(64, 24, 0, 'Sinhala', '', 'pkg_si-LK', 'package', '', 0, '3.3.1.2', '', 'https://update.joomla.org/language/details3/si-LK_details.xml', '', ''),
(65, 24, 0, 'Dari Persian', '', 'pkg_prs-AF', 'package', '', 0, '3.4.4.2', '', 'https://update.joomla.org/language/details3/prs-AF_details.xml', '', ''),
(66, 24, 0, 'Turkmen', '', 'pkg_tk-TM', 'package', '', 0, '3.5.0.2', '', 'https://update.joomla.org/language/details3/tk-TM_details.xml', '', ''),
(67, 24, 0, 'Irish', '', 'pkg_ga-IE', 'package', '', 0, '3.8.5.1', '', 'https://update.joomla.org/language/details3/ga-IE_details.xml', '', ''),
(68, 24, 0, 'Dzongkha', '', 'pkg_dz-BT', 'package', '', 0, '3.6.2.1', '', 'https://update.joomla.org/language/details3/dz-BT_details.xml', '', ''),
(69, 24, 0, 'Slovenian', '', 'pkg_sl-SI', 'package', '', 0, '3.8.6.1', '', 'https://update.joomla.org/language/details3/sl-SI_details.xml', '', ''),
(70, 24, 0, 'Spanish CO', '', 'pkg_es-CO', 'package', '', 0, '3.8.6.1', '', 'https://update.joomla.org/language/details3/es-CO_details.xml', '', ''),
(71, 24, 0, 'German CH', '', 'pkg_de-CH', 'package', '', 0, '3.8.6.1', '', 'https://update.joomla.org/language/details3/de-CH_details.xml', '', ''),
(72, 24, 0, 'German AT', '', 'pkg_de-AT', 'package', '', 0, '3.8.6.1', '', 'https://update.joomla.org/language/details3/de-AT_details.xml', '', ''),
(73, 24, 0, 'German LI', '', 'pkg_de-LI', 'package', '', 0, '3.8.6.1', '', 'https://update.joomla.org/language/details3/de-LI_details.xml', '', ''),
(74, 24, 0, 'German LU', '', 'pkg_de-LU', 'package', '', 0, '3.8.6.1', '', 'https://update.joomla.org/language/details3/de-LU_details.xml', '', ''),
(75, 24, 0, 'English NZ', '', 'pkg_en-NZ', 'package', '', 0, '3.8.6.1', '', 'https://update.joomla.org/language/details3/en-NZ_details.xml', '', ''),
(76, 25, 0, 'Kunena Language Pack', 'Language Pack for Kunena Forum', 'pkg_kunena_languages', 'package', '', 0, '5.0.14', '', 'https://update.kunena.org/5.0/pkg_kunena_languages.xml', '', ''),
(77, 25, 0, 'Kunena Latest Module', '', 'mod_kunenalatest', 'module', '', 0, '5.0.3', '', 'https://update.kunena.org/5.0/mod_kunenalatest.xml', '', ''),
(78, 25, 0, 'Kunena Login Module', '', 'mod_kunenalogin', 'module', '', 0, '5.0.3', '', 'https://update.kunena.org/5.0/mod_kunenalogin.xml', '', ''),
(79, 25, 0, 'Kunena Search Module', '', 'mod_kunenasearch', 'module', '', 0, '5.0.3', '', 'https://update.kunena.org/5.0/mod_kunenasearch.xml', '', ''),
(80, 25, 0, 'Kunena Statistics Module', '', 'mod_kunenastats', 'module', '', 0, '5.0.3', '', 'https://update.kunena.org/5.0/mod_kunenastats.xml', '', ''),
(81, 25, 0, 'Content - Kunena Discuss', '', 'kunenadiscuss', 'plugin', 'content', 0, '5.0.3', '', 'https://update.kunena.org/5.0/plg_content_kunenadiscuss.xml', '', ''),
(82, 25, 0, 'Search - Kunena', '', 'kunena', 'plugin', 'search', 0, '5.0.3', '', 'https://update.kunena.org/5.0/plg_search_kunena.xml', '', '');

CREATE TABLE IF NOT EXISTS `jos_update_sites` (
  `update_site_id` int(11) NOT NULL AUTO_INCREMENT,
  `name` varchar(100) COLLATE utf8mb4_unicode_ci DEFAULT '',
  `type` varchar(20) COLLATE utf8mb4_unicode_ci DEFAULT '',
  `location` mediumtext COLLATE utf8mb4_unicode_ci NOT NULL,
  `enabled` int(11) DEFAULT '0',
  `last_check_timestamp` bigint(20) DEFAULT '0',
  `extra_query` varchar(1000) COLLATE utf8mb4_unicode_ci DEFAULT '',
  PRIMARY KEY (`update_site_id`)
) ENGINE=InnoDB  DEFAULT CHARSET=utf8mb4 COLLATE=utf8mb4_unicode_ci COMMENT='Update Sites' AUTO_INCREMENT=27 ;

INSERT INTO `jos_update_sites` (`update_site_id`, `name`, `type`, `location`, `enabled`, `last_check_timestamp`, `extra_query`) VALUES
(1, 'Joomla! Core', 'collection', 'https://update.joomla.org/core/list.xml', 1, 1522222185, ''),
(2, 'Joomla! Extension Directory', 'collection', 'http://update.joomla.org/jed/list.xml', 1, 1522222185, ''),
(4, 'Joomla! Update Component Update Site', 'extension', 'http://update.joomla.org/core/extensions/com_joomlaupdate.xml', 1, 0, ''),
(9, 'Joomla! Update Component Update Site', 'extension', 'https://update.joomla.org/core/extensions/com_joomlaupdate.xml', 1, 0, ''),
(20, 'Articles Newsflash (Advanced) module Updates', 'extension', 'http://joomlacode.org/gf/project/tm_art_news_adv/scmsvn/?action=browse&path=%2F%2Acheckout%2A%2Ftrunk%2Fextension.xml', 1, 0, ''),
(21, 'JoomGallery Update Service', 'collection', 'http://www.en.joomgallery.net/components/com_newversion/xml/extensions3.xml', 1, 0, ''),
(22, '', 'extension', 'http://update.joomlart.com/service/tracking/j16/plg_system_t3.xml', 1, 1522222184, ''),
(23, 'Joomline', 'extension', 'https://joomline.net/index.php?option=com_ars&view=update&task=stream&format=xml&id=5&dummy=extension.xml', 1, 1522222185, ''),
(24, 'Accredited Joomla! Translations', 'collection', 'https://update.joomla.org/language/translationlist_3.xml', 1, 1522222185, ''),
(25, 'Kunena 5.0 Update Site', 'collection', 'https://update.kunena.org/5.0/list.xml', 1, 1522222185, '');

CREATE TABLE IF NOT EXISTS `jos_update_sites_extensions` (
  `update_site_id` int(11) NOT NULL DEFAULT '0',
  `extension_id` int(11) NOT NULL DEFAULT '0',
  PRIMARY KEY (`update_site_id`,`extension_id`)
) ENGINE=MyISAM DEFAULT CHARSET=utf8mb4 COLLATE=utf8mb4_unicode_ci COMMENT='Links extensions to update sites';

INSERT INTO `jos_update_sites_extensions` (`update_site_id`, `extension_id`) VALUES
(1, 700),
(2, 700),
(4, 28),
(9, 28),
(20, 10007),
(21, 10032),
(21, 10033),
(22, 10164),
(22, 10193),
(23, 10143),
(24, 802),
(25, 10020);

INSERT INTO `jos_user_usergroup_map` (`user_id`, `group_id`) VALUES
(846, 8),
(847, 2),
(848, 2);

CREATE TABLE IF NOT EXISTS `jos_utf8_conversion` (
  `converted` tinyint(4) NOT NULL DEFAULT '0'
) ENGINE=InnoDB DEFAULT CHARSET=utf8mb4 COLLATE=utf8mb4_unicode_ci;

INSERT INTO `jos_utf8_conversion` (`converted`) VALUES
(2);

CREATE TABLE IF NOT EXISTS `jos_viewlevels` (
  `id` int(10) unsigned NOT NULL AUTO_INCREMENT COMMENT 'Primary Key',
  `title` varchar(100) COLLATE utf8mb4_unicode_ci NOT NULL DEFAULT '',
  `ordering` int(11) NOT NULL DEFAULT '0',
  `rules` varchar(5120) COLLATE utf8mb4_unicode_ci NOT NULL COMMENT 'JSON encoded access control.',
  PRIMARY KEY (`id`),
  UNIQUE KEY `idx_assetgroup_title_lookup` (`title`)
) ENGINE=InnoDB  DEFAULT CHARSET=utf8mb4 COLLATE=utf8mb4_unicode_ci AUTO_INCREMENT=7 ;

INSERT INTO `jos_viewlevels` (`id`, `title`, `ordering`, `rules`) VALUES
(1, 'Public', 0, '[1]'),
(2, 'Registered', 1, '[6,2,8]'),
(3, 'Special', 2, '[6,3,8]'),
(5, 'Guest', 0, '[9]'),
(6, 'Super Users', 0, '[8]');

CREATE TABLE IF NOT EXISTS `jos_weblinks` (
  `id` int(10) unsigned NOT NULL AUTO_INCREMENT,
  `catid` int(11) NOT NULL DEFAULT '0',
  `title` varchar(250) NOT NULL DEFAULT '',
  `alias` varchar(255) CHARACTER SET utf8 COLLATE utf8_bin NOT NULL DEFAULT '',
  `url` varchar(250) NOT NULL DEFAULT '',
  `description` text NOT NULL,
  `hits` int(11) NOT NULL DEFAULT '0',
  `state` tinyint(1) NOT NULL DEFAULT '0',
  `checked_out` int(11) NOT NULL DEFAULT '0',
  `checked_out_time` datetime NOT NULL DEFAULT '0000-00-00 00:00:00',
  `ordering` int(11) NOT NULL DEFAULT '0',
  `access` int(11) NOT NULL DEFAULT '1',
  `params` text NOT NULL,
  `language` char(7) NOT NULL DEFAULT '',
  `created` datetime NOT NULL DEFAULT '0000-00-00 00:00:00',
  `created_by` int(10) unsigned NOT NULL DEFAULT '0',
  `created_by_alias` varchar(255) NOT NULL DEFAULT '',
  `modified` datetime NOT NULL DEFAULT '0000-00-00 00:00:00',
  `modified_by` int(10) unsigned NOT NULL DEFAULT '0',
  `metakey` text NOT NULL,
  `metadesc` text NOT NULL,
  `metadata` text NOT NULL,
  `featured` tinyint(3) unsigned NOT NULL DEFAULT '0' COMMENT 'Set if link is featured.',
  `xreference` varchar(50) NOT NULL COMMENT 'A reference to enable linkages to external data sets.',
  `publish_up` datetime NOT NULL DEFAULT '0000-00-00 00:00:00',
  `publish_down` datetime NOT NULL DEFAULT '0000-00-00 00:00:00',
  `version` int(10) unsigned NOT NULL DEFAULT '1',
  `images` text NOT NULL,
  PRIMARY KEY (`id`),
  KEY `idx_access` (`access`),
  KEY `idx_checkout` (`checked_out`),
  KEY `idx_state` (`state`),
  KEY `idx_catid` (`catid`),
  KEY `idx_createdby` (`created_by`),
  KEY `idx_featured_catid` (`featured`,`catid`),
  KEY `idx_language` (`language`),
  KEY `idx_xreference` (`xreference`)
) ENGINE=InnoDB DEFAULT CHARSET=utf8 AUTO_INCREMENT=1 ;

